{"id":146,"date":"2023-05-24T07:45:51","date_gmt":"2023-05-24T07:45:51","guid":{"rendered":"https:\/\/www.itim-cj.ro\/PNCDI\/bright-surf\/?page_id=146"},"modified":"2023-05-24T08:08:23","modified_gmt":"2023-05-24T08:08:23","slug":"abstract","status":"publish","type":"page","link":"https:\/\/www.itim-cj.ro\/PNCDI\/bright-surf\/ro\/abstract\/","title":{"rendered":"Abstract"},"content":{"rendered":"<p>[et_pb_section fb_built=&#8221;1&#8243; _builder_version=&#8221;4.21.0&#8243; _module_preset=&#8221;default&#8221; use_background_color_gradient=&#8221;on&#8221; background_color_gradient_direction=&#8221;140deg&#8221; background_color_gradient_stops=&#8221;rgba(40,89,114,0.67) 1%|#291160 100%&#8221; background_color_gradient_overlays_image=&#8221;on&#8221; background_color_gradient_start=&#8221;#004872&#8243; background_color_gradient_end=&#8221;rgba(41,17,96,0.8)&#8221; background_image=&#8221;https:\/\/www.itim-cj.ro\/PNCDI\/bright-surf\/wp-content\/uploads\/2023\/05\/banner-01-scaled.jpg&#8221; min_height=&#8221;325px&#8221; min_height_tablet=&#8221;325px&#8221; min_height_phone=&#8221;270px&#8221; min_height_last_edited=&#8221;on|phone&#8221; global_colors_info=&#8221;{}&#8221;][et_pb_row _builder_version=&#8221;4.16&#8243; _module_preset=&#8221;default&#8221; custom_padding=&#8221;60px|||||&#8221; global_colors_info=&#8221;{}&#8221;][et_pb_column type=&#8221;4_4&#8243; _builder_version=&#8221;4.16&#8243; _module_preset=&#8221;default&#8221; global_colors_info=&#8221;{}&#8221;][et_pb_text _builder_version=&#8221;4.16&#8243; _module_preset=&#8221;default&#8221; header_font=&#8221;Roboto|500|||||||&#8221; header_text_color=&#8221;#FFFFFF&#8221; header_font_size=&#8221;44px&#8221; global_colors_info=&#8221;{}&#8221;]<\/p>\n<h1 style=\"text-align: center;\">Abstract<\/h1>\n<p>[\/et_pb_text][\/et_pb_column][\/et_pb_row][\/et_pb_section][et_pb_section fb_built=&#8221;1&#8243; _builder_version=&#8221;4.16&#8243; _module_preset=&#8221;default&#8221; global_colors_info=&#8221;{}&#8221;][et_pb_row _builder_version=&#8221;4.16&#8243; _module_preset=&#8221;default&#8221; global_colors_info=&#8221;{}&#8221;][et_pb_column type=&#8221;4_4&#8243; _builder_version=&#8221;4.16&#8243; _module_preset=&#8221;default&#8221; global_colors_info=&#8221;{}&#8221;][et_pb_text _builder_version=&#8221;4.16&#8243; _module_preset=&#8221;default&#8221; global_colors_info=&#8221;{}&#8221;]<\/p>\n<p>Dezvoltarea nanocompozitelor bazate pe nanoparticule magnetice \u0219i molecule fluorescente este un domeniu de cercetare cu dezvoltare rapid\u0103 \u00een nanotehnologie. Cu toate acestea, aceste tipuri de materiale au unele dificult\u0103\u021bi \u0219i provoc\u0103ri care trebuie dep\u0103\u0219ite, cum ar fi stingerea entit\u0103\u021bii fluorescente de c\u0103tre miezul magnetic. De aceea, sistemele de acoperire au primit o importan\u021b\u0103 deosebit\u0103 prin influen\u021ba asupra hidrofilicit\u0103\u021bii corelat\u0103 de o bun\u0103 dispersibilitate sau \u00eembun\u0103t\u0103\u021birea biocompatibilit\u0103\u021bii.<\/p>\n<p>Ca strat de acoperire, polidopamina \u00eendepline\u0219te aceste calit\u0103\u021bi fiind investigat\u0103 intens prin studiile <em>in vivo<\/em> \u0219i <em>in vitro<\/em> pentru multe aplica\u021bii biomedicale. Dar, \u00een ceea ce prive\u0219te fluorescen\u021ba, aceasta este o ni\u0219\u0103 ce se concentreaz\u0103 mai mult pe oxidare, degradare, conjugare \u0219i carbonizarea dopaminei \/ polidopaminei.<\/p>\n<p>\u00cen acest proiect propunem o abordare diferit\u0103, prin sinteza de noi analogi ai polidopaminei cu heteroatomi suplimentari \u00een structura lor. Pentru acest tip de analogi sintetici vom studia sistematic mecanismul de polimerizare, aderen\u021ba \u0219i modul \u00een care prezen\u021ba heteroatomilor de tip N le \u00eembun\u0103t\u0103\u021be\u0219te proprietatea de fluorescen\u021b\u0103.<\/p>\n<p>Acoperind nanoparticulele magnetice de dimensiuni uniforme cu noile materiale fluorescente vor fi proiectate nanocompozite fluorescent-magnetice, care pot servi drept instrumente terapeutice \u0219i de diagnostic, cu avantajul suplimentar de a fi u\u0219or de controlat \u0219i monitorizat prin microscopia de fluorescent\u0103.<\/p>\n<p>[\/et_pb_text][\/et_pb_column][\/et_pb_row][\/et_pb_section]<\/p>\n","protected":false},"excerpt":{"rendered":"<p>AbstractDezvoltarea nanocompozitelor bazate pe nanoparticule magnetice \u0219i molecule fluorescente este un domeniu de cercetare cu dezvoltare rapid\u0103 \u00een nanotehnologie. Cu toate acestea, aceste tipuri de materiale au unele dificult\u0103\u021bi \u0219i provoc\u0103ri care trebuie dep\u0103\u0219ite, cum ar fi stingerea entit\u0103\u021bii fluorescente de c\u0103tre miezul magnetic. De aceea, sistemele de acoperire au primit o importan\u021b\u0103 deosebit\u0103 prin [&hellip;]<\/p>\n","protected":false},"author":1,"featured_media":0,"parent":0,"menu_order":0,"comment_status":"closed","ping_status":"closed","template":"","meta":{"_et_pb_use_builder":"on","_et_pb_old_content":"","_et_gb_content_width":"","footnotes":""},"class_list":["post-146","page","type-page","status-publish","hentry"],"_links":{"self":[{"href":"https:\/\/www.itim-cj.ro\/PNCDI\/bright-surf\/wp-json\/wp\/v2\/pages\/146","targetHints":{"allow":["GET"]}}],"collection":[{"href":"https:\/\/www.itim-cj.ro\/PNCDI\/bright-surf\/wp-json\/wp\/v2\/pages"}],"about":[{"href":"https:\/\/www.itim-cj.ro\/PNCDI\/bright-surf\/wp-json\/wp\/v2\/types\/page"}],"author":[{"embeddable":true,"href":"https:\/\/www.itim-cj.ro\/PNCDI\/bright-surf\/wp-json\/wp\/v2\/users\/1"}],"replies":[{"embeddable":true,"href":"https:\/\/www.itim-cj.ro\/PNCDI\/bright-surf\/wp-json\/wp\/v2\/comments?post=146"}],"version-history":[{"count":3,"href":"https:\/\/www.itim-cj.ro\/PNCDI\/bright-surf\/wp-json\/wp\/v2\/pages\/146\/revisions"}],"predecessor-version":[{"id":183,"href":"https:\/\/www.itim-cj.ro\/PNCDI\/bright-surf\/wp-json\/wp\/v2\/pages\/146\/revisions\/183"}],"wp:attachment":[{"href":"https:\/\/www.itim-cj.ro\/PNCDI\/bright-surf\/wp-json\/wp\/v2\/media?parent=146"}],"curies":[{"name":"wp","href":"https:\/\/api.w.org\/{rel}","templated":true}]}}