{"id":38,"date":"2023-07-18T10:40:08","date_gmt":"2023-07-18T10:40:08","guid":{"rendered":"https:\/\/www.itim-cj.ro\/PNCDI\/cyanotoxro\/?page_id=38"},"modified":"2023-11-09T10:39:51","modified_gmt":"2023-11-09T10:39:51","slug":"results","status":"publish","type":"page","link":"https:\/\/www.itim-cj.ro\/PNCDI\/cyanotoxro\/results\/","title":{"rendered":"Results"},"content":{"rendered":"<p>[et_pb_section fb_built=&#8221;1&#8243; module_id=&#8221;objectives&#8221; _builder_version=&#8221;4.20.4&#8243; _module_preset=&#8221;default&#8221; background_enable_color=&#8221;off&#8221; use_background_color_gradient=&#8221;on&#8221; background_color_gradient_stops=&#8221;#2b87da 0%|#0c71c3 100%&#8221; background_color_gradient_end=&#8221;#0c71c3&#8243; custom_margin=&#8221;||||false|false&#8221; custom_padding=&#8221;52px||35px||false|false&#8221; global_colors_info=&#8221;{}&#8221;][et_pb_row _builder_version=&#8221;4.20.4&#8243; _module_preset=&#8221;default&#8221; global_colors_info=&#8221;{}&#8221;][et_pb_column type=&#8221;4_4&#8243; _builder_version=&#8221;4.20.4&#8243; _module_preset=&#8221;default&#8221; global_colors_info=&#8221;{}&#8221;][et_pb_text _builder_version=&#8221;4.20.4&#8243; _module_preset=&#8221;default&#8221; header_font_size=&#8221;34px&#8221; global_colors_info=&#8221;{}&#8221;]<\/p>\n<h1><span style=\"color: #febf10;\">Results<\/span><\/h1>\n<p>[\/et_pb_text][\/et_pb_column][\/et_pb_row][\/et_pb_section][et_pb_section fb_built=&#8221;1&#8243; _builder_version=&#8221;4.20.4&#8243; _module_preset=&#8221;default&#8221; global_colors_info=&#8221;{}&#8221;][et_pb_row _builder_version=&#8221;4.20.4&#8243; _module_preset=&#8221;default&#8221; custom_margin=&#8221;|auto||411px||&#8221; global_colors_info=&#8221;{}&#8221;][et_pb_column type=&#8221;4_4&#8243; _builder_version=&#8221;4.20.4&#8243; _module_preset=&#8221;default&#8221; global_colors_info=&#8221;{}&#8221;][et_pb_text _builder_version=&#8221;4.23.1&#8243; _module_preset=&#8221;default&#8221; header_2_line_height=&#8221;2em&#8221; hover_enabled=&#8221;0&#8243; global_colors_info=&#8221;{}&#8221; sticky_enabled=&#8221;0&#8243;]<\/p>\n<h2>Reports<\/h2>\n<p><strong><a href=\"https:\/\/www.itim-cj.ro\/PNCDI\/cyanotoxro\/wp-content\/uploads\/2023\/11\/Raport-de-activitate-etapa1.pdf\" target=\"_blank\" rel=\"noopener\">Activity report stage 1<\/a><\/strong><\/p>\n<p><strong><a href=\"https:\/\/www.itim-cj.ro\/PNCDI\/cyanotoxro\/wp-content\/uploads\/2023\/11\/Raport-de-activitate-etapa3.pdf\" target=\"_blank\" rel=\"noopener\">Activity report stage 3<\/a><\/strong><\/p>\n<p><strong><a href=\"https:\/\/www.itim-cj.ro\/PNCDI\/cyanotoxro\/wp-content\/uploads\/2023\/11\/Raport-de-activitate-etapa4.pdf\" target=\"_blank\" rel=\"noopener\">Activity report stage 4<\/a><\/strong><\/p>\n<p><a href=\"https:\/\/www.itim-cj.ro\/PNCDI\/cyanotoxro\/wp-content\/uploads\/2023\/11\/Prezentarea-rezultatelor-in-vederea-diseminarii-de-catre-Autoritatea-Contractanta.pdf\" target=\"_blank\" rel=\"noopener\"><strong>Presentation of results for dissemination by the Contracting Authority<\/strong><\/a><\/p>\n<h2>Scientific papers<\/h2>\n<p class=\"moz-quote-pre\">1. Cs. M\u00fcller Moln\u00e1r, S. Cint\u0103 P\u00eenzaru, V. Chi\u0219, I. Feher and B. Glamuzina, <a href=\"https:\/\/doi.org\/10.1016\/j.saa.2022.121984\" target=\"_blank\" rel=\"noopener\"><em><strong>SERS of Cylindrospermopsin Cyanotoxin: Prospects for Quantitative Analysis in Solution and in Fish Tissue<\/strong><\/em><\/a>, <em>Spectrochimica Acta Part A: Molecular and Biomolecular Spectroscopy, Volume 286, 5 February 2023, 121984<\/em><\/p>\n<p class=\"moz-quote-pre\">2. I.A. Breze\u0219tean, A.M.R. Gherman, A. Colni\u021b\u0103, N.E. Dina, C. M\u00fcller Moln\u00e1r, D. Marconi, V. Chi\u0219, I.-L. David, S. C\u00eent\u0103-P\u00eenzaru, <em><strong><a href=\"https:\/\/doi.org\/10.3390\/ijms232415741\" target=\"_blank\" rel=\"noopener\">Detection and Characterization of Nodularin by Using Label-Free Surface-Enhanced Spectroscopic Techniques<\/a><\/strong><\/em>, <em>International Journal of Molecular Sciences, 23(24):15741, 2022<\/em><\/p>\n<p class=\"moz-quote-pre\">3. Csilla Moln\u00e1r, Teodora-Diana Drigla, Lucian Barbu-Tudoran, Victor Curean, Simona C\u00eent\u0103 P\u00eenzaru<em>, : <strong>\u201cNanotechnology-Enhanced Biosensing for Ultrasensitive Monitoring of Saline Lake Waters During Winter Months\u201d<\/strong>, <\/em>Biosensors<em><\/em> &#8211; sent to print<\/p>\n<h2>Conferences<\/h2>\n<p><strong>Poster presentations 2022<\/strong><\/p>\n<p class=\"moz-quote-pre\">1. Cs. M\u00fcller Moln\u00e1r, S. Cinta P\u00e2nzaru,\u00a0 <a href=\"https:\/\/icanmbes2020.sciforum.net\/#custom1150\" target=\"_blank\" rel=\"noopener\"><em><strong>Quantitative SERS Analysis of Cylindrospermopsin Cyanotoxin in Solution and in Fish Tissue<\/strong><\/em><\/a>, The 6<sup>th<\/sup> edition of International Conference on Analytical and Nanoanalytical Methods for Biomedical and Environmental Sciences (IC-ANMBES 2022), June 8 &#8211; 10, 2022,<br \/>Brasov, Romania<\/p>\n<p class=\"moz-quote-pre\">2. Cs. M\u00fcller Moln\u00e1r, S. Cint\u0103 P\u00eenzaru, B. Glamuzina, <a href=\"https:\/\/icpam.ro\/\" target=\"_blank\" rel=\"noopener\"><em><strong>SERS assessment of Cylindrospermopsin Cyanotoxin in environmental waters from Transylvania, Romania, and in fish tissue<\/strong><\/em><\/a>, 14<sup>th<\/sup> International Conference on Physics of Advanced Materials ICPAM \u2013 14, University of Dubrovnik, Croatia, September 8-15, 2022<\/p>\n<p class=\"moz-quote-pre\">3. Cs. M\u00fcller Moln\u00e1r, Teodora-Diana Drigla, S. Cint\u0103 P\u00eenzaru, <a href=\"http:\/\/aerapa.conference.ubbcluj.ro\/2023.htm\" target=\"_blank\" rel=\"noopener\"><strong><em>Nanotechnology\u00a0 for ultrasensitive monitoring salt lakes waters: A winter-months SERS experiment<\/em><\/strong><\/a>, International Conference Air and Water \u2013 Components of the environment, <sup>15<\/sup>th Edition, 17 &#8211; 19 March 2023, Cluj-Napoca, Rom\u00e2nia.<\/p>\n<p class=\"moz-quote-pre\">4. M\u00fcller Moln\u00e1r, Teodora-Diana Drigla, S. Cint\u0103 P\u00eenzaru, <strong><em><a href=\"https:\/\/www.nanotexnology.com\/index.php\" target=\"_blank\" rel=\"noopener\">Nanotechnology to monitor the SERS response of SALT LAKES FROM Cojocna BALNEARY RESORT, Transylvania, Rom\u00e2nia<\/a><\/em><\/strong>, 17<sup>th<\/sup> International Summer Schools on N&amp;N, OE &amp; Nanomedicine (ISSON23),1-8 July 2023, Thessaloniki, Greece.<\/p>\n<p class=\"moz-quote-pre\">5. Moln\u00e1r Cs., Drigla T. D., Barbu-Tudoran L., C\u00eent\u0103 P\u00eenzaru S., <em><strong><a href=\"https:\/\/icavs.org\/registration-and-abstracts\/abstracts\" target=\"_blank\" rel=\"noopener\">Trace detection and evaluation of the presence in situ of Cylindrospermopsin cyanotoxin in environmental waters from Cojocna Transylvania<\/a><\/strong><\/em>, Rom\u00e2nia, 12<sup>th<\/sup> International Conference on Advanced Vibrational Spectroscopy, August 27<sup>th<\/sup>&#8211; September <sup>1st<\/sup>, 2023, Krakow.<\/p>\n<p>[\/et_pb_text][\/et_pb_column][\/et_pb_row][et_pb_row column_structure=&#8221;2_5,3_5&#8243; _builder_version=&#8221;4.21.0&#8243; _module_preset=&#8221;default&#8221; global_colors_info=&#8221;{}&#8221;][et_pb_column type=&#8221;2_5&#8243; _builder_version=&#8221;4.21.0&#8243; _module_preset=&#8221;default&#8221; global_colors_info=&#8221;{}&#8221;][et_pb_text _builder_version=&#8221;4.23&#8243; _module_preset=&#8221;default&#8221; global_colors_info=&#8221;{}&#8221;]<\/p>\n<h2>Organizing a workshop<\/h2>\n<p>Workshop<strong> on nano-biosensing with portable\/handheld Raman systems: From food products, toxins, safety and molecular contaminants to knowledge transfer to economic partners &#8211; With practical demos!<\/strong><\/p>\n<p><a href=\"https:\/\/www.itim-cj.ro\/PNCDI\/cyanotoxro\/wp-content\/uploads\/2023\/07\/Workshop-on-Food-Control-6-oct2022.pdf\" target=\"_blank\" rel=\"noopener\"><strong>Download pdf poster<\/strong><\/a><\/p>\n<p><strong><\/strong><\/p>\n<p>&nbsp;<\/p>\n<p>[\/et_pb_text][\/et_pb_column][et_pb_column type=&#8221;3_5&#8243; _builder_version=&#8221;4.21.0&#8243; _module_preset=&#8221;default&#8221; global_colors_info=&#8221;{}&#8221;][et_pb_image src=&#8221;https:\/\/www.itim-cj.ro\/PNCDI\/cyanotoxro\/wp-content\/uploads\/2023\/07\/Workshop-on-Food-Control-6-oct2022_001-scaled.jpg&#8221; title_text=&#8221;Workshop-on-Food-Control-6-oct2022_001&#8243; _builder_version=&#8221;4.21.0&#8243; _module_preset=&#8221;default&#8221; global_colors_info=&#8221;{}&#8221;][\/et_pb_image][\/et_pb_column][\/et_pb_row][et_pb_row column_structure=&#8221;1_2,1_4,1_4&#8243; _builder_version=&#8221;4.23&#8243; _module_preset=&#8221;default&#8221; global_colors_info=&#8221;{}&#8221;][et_pb_column type=&#8221;1_2&#8243; _builder_version=&#8221;4.23&#8243; _module_preset=&#8221;default&#8221; global_colors_info=&#8221;{}&#8221;][et_pb_text _builder_version=&#8221;4.23&#8243; _module_preset=&#8221;default&#8221; global_colors_info=&#8221;{}&#8221;]<\/p>\n<h2>Advertising Banner<\/h2>\n<p>Advertising banner displayed at the entrance of the Cojocna Baths in Cluj-Napoca, on 1 June 2023 at the opening of the summer season to the general public, with the results obtained on the monitoring of the water in the two lakes so important for the popular balneotherapy in the area.<\/p>\n<p>[\/et_pb_text][\/et_pb_column][et_pb_column type=&#8221;1_4&#8243; _builder_version=&#8221;4.23&#8243; _module_preset=&#8221;default&#8221; global_colors_info=&#8221;{}&#8221;][et_pb_image src=&#8221;https:\/\/www.itim-cj.ro\/PNCDI\/cyanotoxro\/wp-content\/uploads\/2023\/10\/Picture1-banner.jpg&#8221; title_text=&#8221;Picture1 banner&#8221; _builder_version=&#8221;4.23&#8243; _module_preset=&#8221;default&#8221; global_colors_info=&#8221;{}&#8221;][\/et_pb_image][\/et_pb_column][et_pb_column type=&#8221;1_4&#8243; _builder_version=&#8221;4.23&#8243; _module_preset=&#8221;default&#8221; global_colors_info=&#8221;{}&#8221;][et_pb_image src=&#8221;https:\/\/www.itim-cj.ro\/PNCDI\/cyanotoxro\/wp-content\/uploads\/2023\/10\/Picture2-banner-crop.jpg&#8221; title_text=&#8221;Picture2 banner crop&#8221; url=&#8221;https:\/\/www.itim-cj.ro\/PNCDI\/cyanotoxro\/wp-content\/uploads\/2023\/10\/Picture2-banner.png&#8221; url_new_window=&#8221;on&#8221; _builder_version=&#8221;4.23&#8243; _module_preset=&#8221;default&#8221; global_colors_info=&#8221;{}&#8221;][\/et_pb_image][\/et_pb_column][\/et_pb_row][et_pb_row _builder_version=&#8221;4.23&#8243; _module_preset=&#8221;default&#8221; global_colors_info=&#8221;{}&#8221;][et_pb_column type=&#8221;4_4&#8243; _builder_version=&#8221;4.23&#8243; _module_preset=&#8221;default&#8221; global_colors_info=&#8221;{}&#8221;][et_pb_text _builder_version=&#8221;4.23&#8243; _module_preset=&#8221;default&#8221; global_colors_info=&#8221;{}&#8221;]<\/p>\n<h2>Radio and TV media coverage<\/h2>\n<p>The results of the research provided for the general public by displaying the advertising banner were also presented in the &#8220;Tourism and relaxation in Cojocna&#8221; broadcast on Radio Cluj. July. 2023. <a href=\"https:\/\/www.youtube.com\/watch?app=desktop&amp;v=OeIRqlVM9iA\" target=\"_blank\" rel=\"noopener\">Link emisiune<\/a><\/p>\n<p>[\/et_pb_text][\/et_pb_column][\/et_pb_row][et_pb_row column_structure=&#8221;1_2,1_2&#8243; _builder_version=&#8221;4.23&#8243; _module_preset=&#8221;default&#8221; global_colors_info=&#8221;{}&#8221;][et_pb_column type=&#8221;1_2&#8243; _builder_version=&#8221;4.23&#8243; _module_preset=&#8221;default&#8221; global_colors_info=&#8221;{}&#8221;][et_pb_text _builder_version=&#8221;4.23&#8243; _module_preset=&#8221;default&#8221; global_colors_info=&#8221;{}&#8221;]<\/p>\n<p>Prof. Dr. Simona C\u00eent\u0103 P\u00eenzaru, gave an interview during the TVR Cluj TV show &#8220;Var\u0103 pentru voi&#8221; on August 28, 2023, where she presented the results and the importance of environmental water monitoring with RAMAN spectroscopic methods.<\/p>\n<p>[\/et_pb_text][\/et_pb_column][et_pb_column type=&#8221;1_2&#8243; _builder_version=&#8221;4.23&#8243; _module_preset=&#8221;default&#8221; global_colors_info=&#8221;{}&#8221;][et_pb_video src=&#8221;https:\/\/www.youtube.com\/watch?v=8LeyTnewIs8&#8243; _builder_version=&#8221;4.23&#8243; _module_preset=&#8221;default&#8221; global_colors_info=&#8221;{}&#8221;][\/et_pb_video][\/et_pb_column][\/et_pb_row][\/et_pb_section]<\/p>\n","protected":false},"excerpt":{"rendered":"<p>ResultsReports Activity report stage 1 Activity report stage 3 Activity report stage 4 Presentation of results for dissemination by the Contracting Authority Scientific papers 1. Cs. M\u00fcller Moln\u00e1r, S. Cint\u0103 P\u00eenzaru, V. Chi\u0219, I. Feher and B. Glamuzina, SERS of Cylindrospermopsin Cyanotoxin: Prospects for Quantitative Analysis in Solution and in Fish Tissue, Spectrochimica Acta Part [&hellip;]<\/p>\n","protected":false},"author":1,"featured_media":0,"parent":0,"menu_order":0,"comment_status":"closed","ping_status":"closed","template":"","meta":{"_et_pb_use_builder":"on","_et_pb_old_content":"","_et_gb_content_width":""},"_links":{"self":[{"href":"https:\/\/www.itim-cj.ro\/PNCDI\/cyanotoxro\/wp-json\/wp\/v2\/pages\/38"}],"collection":[{"href":"https:\/\/www.itim-cj.ro\/PNCDI\/cyanotoxro\/wp-json\/wp\/v2\/pages"}],"about":[{"href":"https:\/\/www.itim-cj.ro\/PNCDI\/cyanotoxro\/wp-json\/wp\/v2\/types\/page"}],"author":[{"embeddable":true,"href":"https:\/\/www.itim-cj.ro\/PNCDI\/cyanotoxro\/wp-json\/wp\/v2\/users\/1"}],"replies":[{"embeddable":true,"href":"https:\/\/www.itim-cj.ro\/PNCDI\/cyanotoxro\/wp-json\/wp\/v2\/comments?post=38"}],"version-history":[{"count":8,"href":"https:\/\/www.itim-cj.ro\/PNCDI\/cyanotoxro\/wp-json\/wp\/v2\/pages\/38\/revisions"}],"predecessor-version":[{"id":79,"href":"https:\/\/www.itim-cj.ro\/PNCDI\/cyanotoxro\/wp-json\/wp\/v2\/pages\/38\/revisions\/79"}],"wp:attachment":[{"href":"https:\/\/www.itim-cj.ro\/PNCDI\/cyanotoxro\/wp-json\/wp\/v2\/media?parent=38"}],"curies":[{"name":"wp","href":"https:\/\/api.w.org\/{rel}","templated":true}]}}