{"id":13,"date":"2023-12-08T11:42:19","date_gmt":"2023-12-08T11:42:19","guid":{"rendered":"http:\/\/www.itim-cj.ro\/PNCDI\/insbioration\/?page_id=13"},"modified":"2023-12-08T12:47:40","modified_gmt":"2023-12-08T12:47:40","slug":"acasa","status":"publish","type":"page","link":"http:\/\/www.itim-cj.ro\/PNCDI\/insbioration\/","title":{"rendered":"Acas\u0103"},"content":{"rendered":"\n<h1 class=\"wp-block-heading has-text-color has-link-color wp-elements-dd6ee9d98ff115ef888b974dabb73fd6\" style=\"color:#006878;text-transform:none\"><strong>Interfe\u0163e bio-inspirate pentru dezvoltarea materialelor multifazice degradabile de genera\u0163ie urm\u0103toare<\/strong> \u2013 <a href=\"http:\/\/www.insbioration.de\" target=\"_blank\" rel=\"noreferrer noopener\">InsBIOration<\/a><\/h1>\n\n\n\n<p class=\"has-medium-font-size\"><strong>Proiect finan\u021bat de  <a href=\"https:\/\/uefiscdi.gov.ro\/\" data-type=\"link\" data-id=\"https:\/\/uefiscdi.gov.ro\/\" target=\"_blank\" rel=\"noreferrer noopener\">Unitatea Executiv\u0103 pentru Finan\u021barea \u00cenv\u0103\u021b\u0103m\u00e2ntului Superior, a Cercet\u0103rii, Dezvolt\u0103rii \u0219i Inov\u0103rii UEFISCDI<\/a><\/strong><\/p>\n\n\n\n<p class=\"has-medium-font-size\">Cod proiect:&nbsp;COFUND-M-ERANET-3-InsBIOration<br>Denumirea Programului din PN III:&nbsp;Programul 3 &#8211; Cooperarea European\u0103 \u0219i Interna\u021bional\u0103 PN III 2015-2020<br>Subprogramul: Subprogramul 3.2 &#8211; Orizont 2020<br>Tip Proiect:&nbsp;M-ERA.NET Call 2021<\/p>\n\n\n\n<p class=\"has-medium-font-size\">Nr. Contract: 313\/08.07.2022<br>Durata proiect: \u00a030 luni, \u00eencep\u00e2nd cu data de 08.07.2022<br>Valoarea proiectului 990.000 lei, din care: bugetul de stat (sursa 1) 908.325 lei\u00a0\u0219i Comisia European\u0103 (sursa 3) 81.675 lei.<\/p>\n\n\n\n<p class=\"has-medium-font-size\">Director de proiect: <a href=\"http:\/\/ro.itim-cj.ro\/portfolio\/dr-filip-claudiu-ortensie\/\" data-type=\"link\" data-id=\"http:\/\/ro.itim-cj.ro\/portfolio\/dr-filip-claudiu-ortensie\/\">Dr. Claudiu Filip<\/a><\/p>\n","protected":false},"excerpt":{"rendered":"<p>Interfe\u0163e bio-inspirate pentru dezvoltarea materialelor multifazice degradabile de genera\u0163ie urm\u0103toare \u2013 InsBIOration Proiect finan\u021bat de Unitatea Executiv\u0103 pentru Finan\u021barea \u00cenv\u0103\u021b\u0103m\u00e2ntului Superior, a Cercet\u0103rii, Dezvolt\u0103rii \u0219i Inov\u0103rii UEFISCDI Cod proiect:&nbsp;COFUND-M-ERANET-3-InsBIOrationDenumirea Programului [&hellip;]<\/p>\n","protected":false},"author":1,"featured_media":0,"parent":0,"menu_order":0,"comment_status":"closed","ping_status":"closed","template":"","meta":{"footnotes":""},"class_list":["post-13","page","type-page","status-publish","hentry"],"_links":{"self":[{"href":"https:\/\/www.itim-cj.ro\/PNCDI\/insbioration\/wp-json\/wp\/v2\/pages\/13","targetHints":{"allow":["GET"]}}],"collection":[{"href":"https:\/\/www.itim-cj.ro\/PNCDI\/insbioration\/wp-json\/wp\/v2\/pages"}],"about":[{"href":"https:\/\/www.itim-cj.ro\/PNCDI\/insbioration\/wp-json\/wp\/v2\/types\/page"}],"author":[{"embeddable":true,"href":"https:\/\/www.itim-cj.ro\/PNCDI\/insbioration\/wp-json\/wp\/v2\/users\/1"}],"replies":[{"embeddable":true,"href":"https:\/\/www.itim-cj.ro\/PNCDI\/insbioration\/wp-json\/wp\/v2\/comments?post=13"}],"version-history":[{"count":16,"href":"https:\/\/www.itim-cj.ro\/PNCDI\/insbioration\/wp-json\/wp\/v2\/pages\/13\/revisions"}],"predecessor-version":[{"id":54,"href":"https:\/\/www.itim-cj.ro\/PNCDI\/insbioration\/wp-json\/wp\/v2\/pages\/13\/revisions\/54"}],"wp:attachment":[{"href":"https:\/\/www.itim-cj.ro\/PNCDI\/insbioration\/wp-json\/wp\/v2\/media?parent=13"}],"curies":[{"name":"wp","href":"https:\/\/api.w.org\/{rel}","templated":true}]}}