{"id":86,"date":"2025-11-17T09:13:28","date_gmt":"2025-11-17T09:13:28","guid":{"rendered":"https:\/\/www.itim-cj.ro\/PNCDI\/matphotscs\/home-romana\/"},"modified":"2025-11-17T10:01:11","modified_gmt":"2025-11-17T10:01:11","slug":"home-romana","status":"publish","type":"page","link":"https:\/\/www.itim-cj.ro\/PNCDI\/matphotscs\/ro\/home-romana\/","title":{"rendered":"Acas\u0103"},"content":{"rendered":"<p>[et_pb_section fb_built=&#8221;1&#8243; admin_label=&#8221;Hero&#8221; _builder_version=&#8221;4.16&#8243; background_color=&#8221;#ffffff&#8221; custom_margin=&#8221;6px||||false|false&#8221; custom_padding=&#8221;20px||6px||false|false&#8221; bottom_divider_color=&#8221;#ededed&#8221; bottom_divider_height=&#8221;40%&#8221; bottom_divider_height_tablet=&#8221;&#8221; bottom_divider_height_phone=&#8221;&#8221; bottom_divider_height_last_edited=&#8221;on|phone&#8221; global_colors_info=&#8221;{}&#8221;][et_pb_row _builder_version=&#8221;4.16&#8243; custom_margin=&#8221;-28px|auto||auto||&#8221; custom_padding=&#8221;||0px|||&#8221; global_colors_info=&#8221;{}&#8221;][et_pb_column type=&#8221;4_4&#8243; _builder_version=&#8221;4.16&#8243; custom_padding=&#8221;|||&#8221; global_colors_info=&#8221;{}&#8221; custom_padding__hover=&#8221;|||&#8221;][et_pb_text _builder_version=&#8221;4.27.4&#8243; text_font=&#8221;Montserrat|300|||||||&#8221; text_text_color=&#8221;#353535&#8243; text_font_size=&#8221;18px&#8221; text_line_height=&#8221;2.5em&#8221; header_font=&#8221;|600|||||||&#8221; header_text_color=&#8221;#636363&#8243; header_font_size=&#8221;40px&#8221; header_line_height=&#8221;1.7em&#8221; header_2_font=&#8221;|600|||||||&#8221; header_2_text_color=&#8221;#636363&#8243; header_2_font_size=&#8221;29px&#8221; header_2_line_height=&#8221;2em&#8221; max_width=&#8221;1079px&#8221; custom_margin=&#8221;|-83px|0px|||&#8221; custom_margin_last_edited=&#8221;off|desktop&#8221; custom_padding=&#8221;26px|||||&#8221; hover_enabled=&#8221;0&#8243; header_font_size_tablet=&#8221;30px&#8221; header_font_size_phone=&#8221;24px&#8221; header_font_size_last_edited=&#8221;on|desktop&#8221; global_colors_info=&#8221;{}&#8221; sticky_enabled=&#8221;0&#8243;]<\/p>\n<h1 style=\"text-align: center;\"><strong>Materiale compozite cu propriet\u0103\u021bi ajustabile av\u00e2nd aplica\u021bii \u00een fotocataliz\u0103 \u0219i supercapacitori<\/strong><\/h1>\n<p>[\/et_pb_text][et_pb_image src=&#8221;https:\/\/www.itim-cj.ro\/PNCDI\/matphotscs\/wp-content\/uploads\/2025\/11\/MatPhotScs2.png&#8221; _builder_version=&#8221;4.27.4&#8243; _module_preset=&#8221;default&#8221; title_text=&#8221;MatPhotScs(2)&#8221; hover_enabled=&#8221;0&#8243; sticky_enabled=&#8221;0&#8243; align=&#8221;center&#8221;][\/et_pb_image][\/et_pb_column][\/et_pb_row][\/et_pb_section][et_pb_section fb_built=&#8221;1&#8243; admin_label=&#8221;About Us&#8221; module_id=&#8221;contact&#8221; _builder_version=&#8221;4.27.4&#8243; background_enable_color=&#8221;off&#8221; use_background_color_gradient=&#8221;on&#8221; background_color_gradient_stops=&#8221;#78a6b6 0%|#78a6b6 100%&#8221; background_color_gradient_start=&#8221;#78a6b6&#8243; background_color_gradient_end=&#8221;#78a6b6&#8243; background_image=&#8221;https:\/\/www.itim-cj.ro\/PNCDI\/matphotscs\/wp-content\/uploads\/2025\/11\/black-carbon-texture-background.jpg&#8221; custom_margin=&#8221;0px||||false|false&#8221; custom_padding=&#8221;50px||50px||false|false&#8221; global_colors_info=&#8221;{}&#8221;][et_pb_row column_structure=&#8221;1_2,1_2&#8243; use_custom_gutter=&#8221;on&#8221; make_equal=&#8221;on&#8221; _builder_version=&#8221;4.16&#8243; background_color=&#8221;#ffffff&#8221; width=&#8221;90%&#8221; module_alignment=&#8221;center&#8221; custom_margin=&#8221;10px||10px||true|false&#8221; custom_padding=&#8221;20px|20px|20px|20px|true|false&#8221; border_radii=&#8221;on|5px|5px|5px|5px&#8221; box_shadow_style=&#8221;preset2&#8243; global_colors_info=&#8221;{}&#8221;][et_pb_column type=&#8221;1_2&#8243; _builder_version=&#8221;4.16&#8243; custom_padding=&#8221;|||&#8221; global_colors_info=&#8221;{}&#8221; custom_padding__hover=&#8221;|||&#8221;][et_pb_text _builder_version=&#8221;4.27.4&#8243; text_font=&#8221;Montserrat|300|||||||&#8221; text_text_color=&#8221;#4f4f4f&#8221; text_font_size=&#8221;17px&#8221; header_font=&#8221;||||||||&#8221; header_2_font=&#8221;||||||||&#8221; header_3_font=&#8221;||||||||&#8221; header_3_font_size=&#8221;24px&#8221; header_3_line_height=&#8221;1.4em&#8221; header_4_font=&#8221;|600|||||||&#8221; header_4_line_height=&#8221;1.7em&#8221; background_color=&#8221;#ffffff&#8221; width=&#8221;100%&#8221; custom_padding=&#8221;||0px|||&#8221; header_2_font_size_tablet=&#8221;30px&#8221; header_2_font_size_phone=&#8221;24px&#8221; header_2_font_size_last_edited=&#8221;off|desktop&#8221; header_3_font_size_tablet=&#8221;30px&#8221; header_3_font_size_phone=&#8221;24px&#8221; header_3_font_size_last_edited=&#8221;off|desktop&#8221; locked=&#8221;off&#8221; global_colors_info=&#8221;{}&#8221;]<\/p>\n<h4>Proiect finan\u021bat de Unitatea Executiv\u0103 pentru Finan\u021barea \u00cenv\u0103\u021b\u0103m\u00e2ntului Superior, a Cercet\u0103rii, Dezvolt\u0103rii \u0219i Inov\u0103rii <span style=\"color: #0c71c3;\"><strong><a href=\"https:\/\/uefiscdi.gov.ro\/\" target=\"_blank\" rel=\"noopener noreferrer\" style=\"color: #0c71c3;\">UEFISCDI<\/a><\/strong><\/span><\/h4>\n<p><strong>Tip Proiect:<\/strong> Proiecte complexe bilaterale cu Republica Moldova<br \/><span style=\"font-size: 24px;\"><\/span><strong>Cod proiect: <\/strong>PN-IV-PCB-RO-MD-2024-0349<strong><br \/>Contract Nr.:<\/strong> 44PCBROMD \/ 2025<br \/><strong>Buget:<\/strong> 750.000 lei din care INCDTIM 600.000 lei.<br \/><strong>Durata proiectului: <\/strong>01.09.2025 &#8211; 31.08.2027<\/p>\n<p>[\/et_pb_text][\/et_pb_column][et_pb_column type=&#8221;1_2&#8243; _builder_version=&#8221;4.16&#8243; custom_padding=&#8221;|||&#8221; global_colors_info=&#8221;{}&#8221; custom_padding__hover=&#8221;|||&#8221;][et_pb_text _builder_version=&#8221;4.27.4&#8243; text_font=&#8221;Montserrat|300|||||||&#8221; header_font=&#8221;||||||||&#8221; header_text_color=&#8221;#E09900&#8243; header_2_font=&#8221;||||||||&#8221; header_3_font=&#8221;||||||||&#8221; header_3_text_color=&#8221;#E09900&#8243; header_3_font_size=&#8221;24px&#8221; header_3_line_height=&#8221;1.4em&#8221; header_4_font=&#8221;||||||||&#8221; header_4_line_height=&#8221;1.4em&#8221; background_color=&#8221;#ffffff&#8221; custom_margin=&#8221;10px||10px||true|false&#8221; custom_padding=&#8221;||||true&#8221; header_2_font_size_tablet=&#8221;30px&#8221; header_2_font_size_phone=&#8221;24px&#8221; header_2_font_size_last_edited=&#8221;off|desktop&#8221; header_3_font_size_tablet=&#8221;30px&#8221; header_3_font_size_phone=&#8221;24px&#8221; header_3_font_size_last_edited=&#8221;off|desktop&#8221; locked=&#8221;off&#8221; global_colors_info=&#8221;{}&#8221;]<\/p>\n<h3>Coordonator proiect:<\/h3>\n<h4><strong>Dr. Maria \u0218TEFAN<\/strong><\/h4>\n<h4><a href=\"mailto:maria.stefan@itim-cj.ro\">maria.stefan@itim-cj.ro<\/a><br \/>Str. Donat Nr. 67-103, 400293, Cluj-Napoca, Romania<br \/>(+40)264-584037, int. 215<\/h4>\n<h4>Coordonator: <a href=\"https:\/\/en.itim-cj.ro\/\" target=\"_blank\" rel=\"noopener\">Institutul Na\u021bional de Cercetare-Dezvoltare pentru Tehnologii Izotopice \u0219i Moleculare\u00a0 (INCDTIM)<\/a><\/h4>\n<h4>Partener: <a href=\"https:\/\/ichem.md\/en\" target=\"_blank\" rel=\"noopener\">Universitatea de Stat Moldova \u2013 Institutul de Chimie<\/a><\/h4>\n<p>[\/et_pb_text][\/et_pb_column][\/et_pb_row][\/et_pb_section]<\/p>\n","protected":false},"excerpt":{"rendered":"<p>Materiale compozite cu propriet\u0103\u021bi ajustabile av\u00e2nd aplica\u021bii \u00een fotocataliz\u0103 \u0219i supercapacitoriProiect finan\u021bat de Unitatea Executiv\u0103 pentru Finan\u021barea \u00cenv\u0103\u021b\u0103m\u00e2ntului Superior, a Cercet\u0103rii, Dezvolt\u0103rii \u0219i Inov\u0103rii UEFISCDI Tip Proiect: Proiecte complexe bilaterale cu Republica MoldovaCod proiect: PN-IV-PCB-RO-MD-2024-0349Contract Nr.: 44PCBROMD \/ 2025Buget: 750.000 lei din care INCDTIM 600.000 lei.Durata proiectului: 01.09.2025 &#8211; 31.08.2027Coordonator proiect: Dr. Maria \u0218TEFAN maria.stefan@itim-cj.roStr. [&hellip;]<\/p>\n","protected":false},"author":1,"featured_media":0,"parent":0,"menu_order":0,"comment_status":"closed","ping_status":"closed","template":"","meta":{"_et_pb_use_builder":"on","_et_pb_old_content":"","_et_gb_content_width":"","footnotes":""},"class_list":["post-86","page","type-page","status-publish","hentry"],"_links":{"self":[{"href":"https:\/\/www.itim-cj.ro\/PNCDI\/matphotscs\/wp-json\/wp\/v2\/pages\/86","targetHints":{"allow":["GET"]}}],"collection":[{"href":"https:\/\/www.itim-cj.ro\/PNCDI\/matphotscs\/wp-json\/wp\/v2\/pages"}],"about":[{"href":"https:\/\/www.itim-cj.ro\/PNCDI\/matphotscs\/wp-json\/wp\/v2\/types\/page"}],"author":[{"embeddable":true,"href":"https:\/\/www.itim-cj.ro\/PNCDI\/matphotscs\/wp-json\/wp\/v2\/users\/1"}],"replies":[{"embeddable":true,"href":"https:\/\/www.itim-cj.ro\/PNCDI\/matphotscs\/wp-json\/wp\/v2\/comments?post=86"}],"version-history":[{"count":5,"href":"https:\/\/www.itim-cj.ro\/PNCDI\/matphotscs\/wp-json\/wp\/v2\/pages\/86\/revisions"}],"predecessor-version":[{"id":119,"href":"https:\/\/www.itim-cj.ro\/PNCDI\/matphotscs\/wp-json\/wp\/v2\/pages\/86\/revisions\/119"}],"wp:attachment":[{"href":"https:\/\/www.itim-cj.ro\/PNCDI\/matphotscs\/wp-json\/wp\/v2\/media?parent=86"}],"curies":[{"name":"wp","href":"https:\/\/api.w.org\/{rel}","templated":true}]}}