{"id":133,"date":"2023-12-04T11:47:33","date_gmt":"2023-12-04T11:47:33","guid":{"rendered":"https:\/\/www.itim-cj.ro\/PNCDI\/nanedissers\/?page_id=133"},"modified":"2025-06-12T11:49:19","modified_gmt":"2025-06-12T11:49:19","slug":"results","status":"publish","type":"page","link":"https:\/\/www.itim-cj.ro\/PNCDI\/nanedissers\/results\/","title":{"rendered":"Results"},"content":{"rendered":"<p>[et_pb_section fb_built=&#8221;1&#8243; _builder_version=&#8221;4.21.0&#8243; _module_preset=&#8221;default&#8221; background_color=&#8221;#E09900&#8243; global_colors_info=&#8221;{}&#8221;][et_pb_row _builder_version=&#8221;4.16&#8243; _module_preset=&#8221;default&#8221; custom_margin=&#8221;-20px|auto||auto||&#8221; global_colors_info=&#8221;{}&#8221;][et_pb_column type=&#8221;4_4&#8243; _builder_version=&#8221;4.16&#8243; _module_preset=&#8221;default&#8221; custom_padding=&#8221;|||&#8221; global_colors_info=&#8221;{}&#8221; custom_padding__hover=&#8221;|||&#8221;][et_pb_divider color=&#8221;#016ede&#8221; divider_weight=&#8221;3px&#8221; _builder_version=&#8221;4.16&#8243; _module_preset=&#8221;default&#8221; max_width=&#8221;100px&#8221; module_alignment=&#8221;center&#8221; custom_margin=&#8221;||0px|&#8221; locked=&#8221;off&#8221; global_colors_info=&#8221;{}&#8221;][\/et_pb_divider][et_pb_text _builder_version=&#8221;4.16&#8243; _module_preset=&#8221;default&#8221; text_font=&#8221;Montserrat|300|||||||&#8221; text_text_color=&#8221;#0c71c3&#8243; header_font=&#8221;||||||||&#8221; header_2_font=&#8221;||||||||&#8221; header_2_font_size=&#8221;36px&#8221; header_2_line_height=&#8221;1.4em&#8221; text_orientation=&#8221;center&#8221; max_width=&#8221;700px&#8221; module_alignment=&#8221;center&#8221; custom_margin=&#8221;|||&#8221; custom_margin_last_edited=&#8221;off|desktop&#8221; header_2_font_size_tablet=&#8221;30px&#8221; header_2_font_size_phone=&#8221;24px&#8221; header_2_font_size_last_edited=&#8221;on|phone&#8221; locked=&#8221;off&#8221; global_colors_info=&#8221;{}&#8221;]<\/p>\n<h2><span style=\"color: #016ede;\">Results<\/span><\/h2>\n<p>[\/et_pb_text][\/et_pb_column][\/et_pb_row][\/et_pb_section][et_pb_section fb_built=&#8221;1&#8243; admin_label=&#8221;About Us&#8221; module_id=&#8221;abstract&#8221; _builder_version=&#8221;4.16&#8243; _module_preset=&#8221;default&#8221; background_enable_color=&#8221;off&#8221; custom_margin=&#8221;||||false|false&#8221; custom_padding=&#8221;50px||9px||false|false&#8221; global_colors_info=&#8221;{}&#8221;][et_pb_row _builder_version=&#8221;4.23.1&#8243; _module_preset=&#8221;default&#8221; global_colors_info=&#8221;{}&#8221;][et_pb_column type=&#8221;4_4&#8243; _builder_version=&#8221;4.23.1&#8243; _module_preset=&#8221;default&#8221; global_colors_info=&#8221;{}&#8221;][et_pb_tabs _builder_version=&#8221;4.27.4&#8243; _module_preset=&#8221;default&#8221; hover_enabled=&#8221;0&#8243; global_colors_info=&#8221;{}&#8221; sticky_enabled=&#8221;0&#8243;][et_pb_tab title=&#8221;Overall project results&#8221; _builder_version=&#8221;4.27.0&#8243; _module_preset=&#8221;default&#8221; global_colors_info=&#8221;{}&#8221;]<\/p>\n<p><strong><a href=\"https:\/\/www.itim-cj.ro\/PNCDI\/nanedissers\/wp-content\/uploads\/2024\/09\/award-Alia-Colnita_Ilie-Bursuc-Prize.pdf\" target=\"_blank\" rel=\"noopener\">Awards<\/a><\/strong><\/p>\n<p><a href=\"https:\/\/www.itim-cj.ro\/PNCDI\/nanedissers\/wp-content\/uploads\/2024\/09\/Project-summary.pdf\" target=\"_blank\" rel=\"noopener\"><strong>Project summary<\/strong><\/a><\/p>\n<p><strong><span style=\"color: #3366ff;\">Scientific papers<\/span><br \/><\/strong><\/p>\n<ol>\n<li>I.B. Brezestean <em>et al.,<\/em> Fabrication and Characterization of Hybrid and Tunable ZnO@Ag Flexible Thin Films Used as SERS Substrates, <strong>Chemosensors<\/strong>, 11(8) (2023) 441 (IF=4.2, AIS=0.530 \u2013 <strong>Q2<\/strong>).<\/li>\n<li>A. Colnita <em>et al.,<\/em> A Review on Integrated ZnO-Based SERS Biosensors and Their Potential in Detecting Biomarkers of Neurodegenerative Diseases, <strong>Biosensors<\/strong>, 13(5) (2023) 499 (IF=5.7, AIS=0.877 \u2013 <strong>Q1<\/strong>).<\/li>\n<li>I.B. Brezestean <em>et al.,<\/em> Detection and Characterization of Nodularin by Using Label-Free Surface-Enhanced Spectroscopic Techniques, <strong>International Journal of Molecular Sciences<\/strong>, 23(24) (2022) 15741 (IF=6.208, AIS=1.064 \u2013 <strong>Q2<\/strong>).<\/li>\n<li>A. Colni\u021b\u0103<em> et al., <\/em>SERS Detection of Dopamine in Artificial Cerebrospinal Fluid and in Parkinson\u2019s Disease-Induced Mouse Cortex Using a Hybrid ZnO@Ag Nanostructured Platform, <strong>Microchemical Journal <\/strong>206 (2024) 111589 (IF=4.9, AIS=0.619 \u2013 <strong>Q1<\/strong>)<\/li>\n<\/ol>\n<p><span style=\"color: #3366ff;\"><strong>Attended conferences <\/strong><\/span><\/p>\n<ol>\n<li><u>A. Breze\u0219tean<\/u> <em>et al., <\/em><strong>3D Nanostructured Surfaces with Periodically Modeled Controlled Geometries Used as Flexible SERS Platforms for Ultrasensitive Detection<\/strong>, <em>Biocube meeting, \u0218coal\u0103 de iarn\u0103, <\/em>Decembrie 9-15 2024, Italia <strong>(Poster).<\/strong><\/li>\n<li><u> Colni\u021b\u0103 <\/u><em>et al., <\/em><strong>Label-free SERS detection of Parkinson\u2019s Disease biomarkers using a hybrid, 3D architecture platform, <\/strong><em>IC-ANMBES 2024,<\/em> Septembrie 17-20, Romania (<strong>Poster<\/strong>).<\/li>\n<li><u> Marconi<\/u> <em>et al., <\/em><strong>High-throughput tunable 3D nanostructured surfaces fabricated by nanoimprint lithography<\/strong>, <em>IC-ANMBES 2024,<\/em> Septembrie 17-20, Romania (<strong>Poster<\/strong>).<\/li>\n<li><u>A. Brezestean<\/u> <em>et al., <\/em><strong>Flexible ZnO@Ag hybrid thin films synthesized by Magnetron Sputtering technique for SERS detection<\/strong>, <em>IC-ANMBES 2024,<\/em> Septembrie 17-20, Romania (<strong>Poster<\/strong>).<\/li>\n<li><u> Moldoveanu<\/u> <em>et al.,<\/em><strong> Glucose-6-Phosphate dehydrogenase activity in MPTP-induced Parkinson&#8217;s disease correlations with cerebral Redox balance, <\/strong><em>BRAIN Conference 2024<\/em>, Martie 15, UK (<strong>Poster<\/strong>).<\/li>\n<li><u> Colnit\u0103<\/u> <em>et al., <\/em><strong>Fabrication of Nanopatterned Surfaces as Ultrasensitive SERS Detection Platforms<\/strong>, <em>15<sup>th <\/sup>Int. Conference on Physics of Advanced Materials (<strong>ICPAM-15<\/strong>)<\/em>, Noiembrie 19 \u2013 26 2023, Sharm El Sheikh, Egipt (<strong>Prezentare oral\u0103<\/strong>) \u2013 <strong><em>Premiul pentru cea mai bun\u0103 prezentare oral\u0103 a unui t\u00e2n\u0103r cercet\u0103tor.<\/em><\/strong><\/li>\n<li><u>A. Breze\u0219tean<\/u> <em>et al., <\/em><strong>Flexible and Tunable SERS Platforms Based on Hybrid ZnO@Ag Thin Films, <\/strong><em>15<sup>th <\/sup>Int. Conference on Physics of Advanced Materials (<strong>ICPAM-15<\/strong>)<\/em>, Noiembrie 19 \u2013 26 2023, Sharm El Sheikh, Egipt (<strong>Prezentare oral\u0103<\/strong>).<\/li>\n<li><u> Colni\u021b\u0103<\/u> <em>et al., <\/em><strong>\u201cBottom-Up and \u201cTop-Down\u201d Approaches for the Fabrication of Nanostructured Surfaces with Sensing Applications, <\/strong><em>13<sup>th<\/sup> Int. Exhibition on Nanotechnology, Organic Electronics &amp; Nanomedicine (NANOTEXNOLOGY EXPO 2023),<\/em> Iunie 29 \u2013 Iulie 6, 2023, Salonic, Grecia (<strong>Poster<\/strong>).<\/li>\n<li><u>A. Breze\u0219tean<\/u> <em>et al., <\/em><strong>3D Silver Metallized Nanotrenches and Heterostructured ZnO@Ag Hybrid Substrates Used as a Highly Sensitive and Flexible SERS Detection Platform, <\/strong><em>13<sup>th<\/sup> Int. Exhibition on Nanotechnology, Organic Electronics &amp; Nanomedicine (NANOTEXNOLOGY EXPO 2023),<\/em> Iunie 29 \u2013 Iulie 6, 2023, Salonic, Grecia (<strong>Poster<\/strong>).<\/li>\n<li><u>E. Dina<\/u> <em>et al.<\/em>, <strong>Surface-enhanced Raman scattering (SERS) for bioanalysis and diagnosis, <\/strong><em>13<sup>th<\/sup> Int. Exhibition on Nanotechnology, Organic Electronics &amp; Nanomedicine (NANOTEXNOLOGY EXPO 2023),<\/em> Iunie 29 \u2013 Iulie 6, 2023, Salonic, Grecia (<strong>Poster<\/strong>).<\/li>\n<li><u> Colni\u021b\u0103<\/u> <em>et al., <\/em><strong>Fabrication and SERS performances of hierarchical heterogeneous arrays decorated with star-like gold nanoparticles, <\/strong><em>14<sup>th<\/sup> Int. Conference on Processes in Isotopes and Molecules (PIM 2023),<\/em> Septembrie 19 &#8211; 22, 2023, Cluj-Napoca, Romania (<strong>Poster<\/strong>).<\/li>\n<li><u> Colnit\u0103<\/u>, D. Marconi, I. Brezestean, M. Suciu, L. Barbu, <strong>Fabrication and optimization of tunable ZnO thin films on flexible substrates for SERS detection<\/strong>, <em>14<sup>th <\/sup>International Conference on Physics of Advanced Materials (<strong>ICPAM-14<\/strong>)<\/em>, Septembrie 8 \u2013 15, 2022, Dubrovnik, Croatia (<strong>Poster<\/strong>).<\/li>\n<li><u>A. Breze<\/u><u>\u0219tean<\/u>, D. Marconi, N.E. Dina, M. Suciu, A. Colni\u021b\u0103,<strong> Hybrid SERS heterostructured substrate using ZnO@Ag films as highly sensitive platform, <\/strong><em>14<sup>th <\/sup>International Conference on Physics of Advanced Materials (<strong>ICPAM-14<\/strong>)<\/em>, Septembrie 8 \u2013 15 2022, Dubrovnik, Croatia (<strong>Poster<\/strong>).<\/li>\n<li><u> Colni\u021b\u0103<\/u>, D. Marconi, I. Brezestean,<sup> <\/sup>N. E. Dina, L. Barbu-Tudoran, I. Turcu,<strong> Ultrasensitive SERS detection of biomolecules on nanoimprinted substrates, <\/strong><em>The 6<sup>th<\/sup> edition of International Conference on Analytical and Nanoanalytical Methods for Biomedical and Environmental Sciences (<strong>IC-ANMBES 2022<\/strong>),<\/em> Iunie 8 &#8211; 10, 2022, Brasov, Romania (<strong>Prezentare oral\u0103<\/strong>).<\/li>\n<li><u> Marconi<\/u>, A. Colni\u021b\u0103, N. E. Dina, I. Breze\u0219tean, D. Bogdan, L. Barbu-Tudoran, I. Turcu, <strong>High quality, 3D silver nanotrenches fabricated by nanoimprint lithography as flexible SERS detection platform, <\/strong><em>The 6<sup>th<\/sup> edition of International Conference on Analytical and Nanoanalytical Methods for Biomedical and Environmental Sciences (IC-ANMBES 2022),<\/em><strong> <\/strong>Iunie 8 &#8211; 10, 2022, Brasov, Romania (<strong>Poster<\/strong>).<\/li>\n<\/ol>\n<ol start=\"4\"><\/ol>\n<p>[\/et_pb_tab][et_pb_tab title=&#8221;Phase 1&#8243; _builder_version=&#8221;4.27.0&#8243; _module_preset=&#8221;default&#8221; body_line_height=&#8221;2em&#8221; global_colors_info=&#8221;{}&#8221;]<\/p>\n<p><strong><a href=\"https:\/\/www.itim-cj.ro\/PNCDI\/nanedissers\/wp-content\/uploads\/2023\/12\/RST-rezumat-site.pdf\" target=\"_blank\" rel=\"noopener\">Phase 1\/2022 &#8211; Phase 1 summary<\/a><\/strong><strong><\/strong><\/p>\n<p><strong><span style=\"color: #3366ff;\">Scientific paper<\/span> <\/strong><\/p>\n<ol>\n<li><strong><\/strong> I.B. Brezestean <em>et al.,<\/em> Detection and Characterization of Nodularin by Using Label-Free Surface-Enhanced Spectroscopic Techniques, <strong>International Journal of Molecular Sciences<\/strong>, 23(24) (2022) 15741 (IF=6.208, AIS=1.064 \u2013 <strong>Q2<\/strong>) <a href=\"https:\/\/doi.org\/10.3390\/ijms232415741\"><strong>https:\/\/doi.org\/10.3390\/ijms232415741<\/strong><\/a><\/li>\n<\/ol>\n<p><span style=\"color: #3366ff;\"><strong>Attended conferences 2022<\/strong><\/span><\/p>\n<ol>\n<li>A. Colnit\u0103, D. Marconi, I. Brezestean, M. Suciu, L. Barbu, <strong>Fabrication and optimization of tunable ZnO thin films on flexible substrates for SERS detection<\/strong>, <em>14<\/em><em>th <\/em><em>International Conference on Physics of Advanced Materials (<strong>ICPAM-14<\/strong>)<\/em>, September 8 \u2013 15 2022, Dubrovnik, Croatia (<strong>Poster<\/strong>).<\/li>\n<li>A. Breze\u0219tean, D. Marconi, N.E. Dina, M. Suciu, A. Colni\u021b\u0103, <strong>Hybrid SERS heterostructured substrate using ZnO@Ag films as highly sensitive platform, <\/strong><em>14<\/em><em>th <\/em><em>International Conference on Physics of Advanced Materials (<strong>ICPAM-14<\/strong>)<\/em>, September 8 \u2013 15 2022, Dubrovnik, Croatia (<strong>Poster<\/strong>).<\/li>\n<li>A. Colni\u021b\u0103, D. Marconi, I. Brezestean, N. E. Dina, L. Barbu-Tudoran, I. Turcu, <strong>Ultrasensitive SERS detection of biomolecules on nanoimprinted substrates, <\/strong><em>The 6<\/em><em>th <\/em><em>edition of International Conference on Analytical and Nanoanalytical Methods for Biomedical and Environmental Sciences (IC-ANMBES 2022), <\/em>June 8 &#8211; 10, 2022, Brasov, Romania (<strong>Oral presentation<\/strong>).<\/li>\n<li>D. Marconi, A. Colni\u021b\u0103, N. E. Dina, I. Breze\u0219tean, D. Bogdan, L. Barbu-Tudoran, I. Turcu, <strong>High quality, 3D silver nanotrenches fabricated by nanoimprint lithography as flexible SERS detection platform, <\/strong><em>The 6<\/em><em>th <\/em><em>edition of International Conference on Analytical and Nanoanalytical Methods for Biomedical and Environmental Sciences (IC-ANMBES 2022), <\/em>June 8 &#8211; 10, 2022, Brasov, Romania (<strong>Poster<\/strong>).<\/li>\n<\/ol>\n<p>[\/et_pb_tab][et_pb_tab title=&#8221;Phase 2&#8243; _builder_version=&#8221;4.27.0&#8243; _module_preset=&#8221;default&#8221; global_colors_info=&#8221;{}&#8221;]<\/p>\n<p><strong><a href=\"https:\/\/www.itim-cj.ro\/PNCDI\/nanedissers\/wp-content\/uploads\/2023\/12\/RST-rezumat-site_2023.pdf\"> Phase 2\/2023 &#8211; Phase 2 summary<\/a><\/strong><\/p>\n<p><span style=\"color: #3366ff;\"><strong>Scientific papers<\/strong><\/span><\/p>\n<ol>\n<li>I.B. Brezestean <em>et al.,<\/em> Fabrication and Characterization of Hybrid and Tunable ZnO@Ag Flexible Thin Films Used as SERS Substrates, <strong>Chemosensors<\/strong>, 11(8) (2023) 441 (IF=4.2, AIS=0.530 \u2013 <strong>Q2<\/strong>). <a href=\"https:\/\/doi.org\/10.3390\/chemosensors11080441\"><strong>https:\/\/doi.org\/10.3390\/chemosensors11080441<\/strong><\/a><\/li>\n<li>A. Colnita <em>et al.,<\/em> A Review on Integrated ZnO-Based SERS Biosensors and Their Potential in Detecting Biomarkers of Neurodegenerative Diseases, <strong>Biosensors<\/strong>, 13(5) (2023) 499 (IF=5.7, AIS=0.877 \u2013 <strong>Q1<\/strong>). <a href=\"https:\/\/doi.org\/10.3390\/bios13050499\"><strong>https:\/\/doi.org\/10.3390\/bios13050499<\/strong><\/a><\/li>\n<\/ol>\n<p><span style=\"color: #3366ff;\"><strong>Attended conferences 2023<\/strong><\/span><\/p>\n<ol>\n<li>A. Colnit\u0103, I. Brezestean, N. Dina, L. Barbu-Tudoran, D. Marconi, <strong>Fabrication of Nanopatterned Surfaces as Ultrasensitive SERS Detection Platforms<\/strong>, <em>15<\/em><em>th <\/em><em>Int. Conference on Physics of Advanced Materials (<strong>ICPAM-15<\/strong>)<\/em>, November 19 \u2013 26 2023, Sharm El Sheikh, Egypt (<strong>Oral presentation<\/strong>) \u2013 <strong><em>Award for the best oral presentation of a young researcher <\/em><\/strong><\/li>\n<li>I.A. Breze\u0219tean, D. Marconi, N.E. Dina, M. Suciu, A. Colni\u021b\u0103, <strong>Flexible and Tunable SERS Platforms Based on Hybrid ZnO@Ag Thin Films, <\/strong><em>15<\/em><em>th <\/em><em>Int. Conference on Physics of Advanced Materials (<strong>ICPAM-15<\/strong>)<\/em>, November 19 \u2013 26 2023, Sharm El Sheikh, Egypt (<strong>Oral presentation<\/strong>).<\/li>\n<li>A. Colni\u021b\u0103, D. Marconi, I. Brezestean, S. Boca, L. Barbu-Tudoran, N. Dina, A.S. T\u0103tar, <strong>Fabrication and SERS performances of hierarchical heterogeneous arrays decorated with star-like gold nanoparticles, <\/strong><em>14<\/em><em>th <\/em><em>Int. Conference on Processes in Isotopes and Molecules (PIM 2023), <\/em>September 19 &#8211; 22, 2022, Cluj-Napoca, Romania (<strong>Poster<\/strong>).<\/li>\n<li>A. Colni\u021b\u0103, D. Marconi, I. Brezestean, N. E. Dina, A. Calborean, L. Barbu-Tudoran, I. Turcu, <strong>\u201cBottom-Up and \u201cTop-Down\u201d Approaches for the Fabrication of Nanostructured Surfaces with Sensing Applications, <\/strong><em>13<\/em><em>th <\/em><em>Int. Exhibition on Nanotechnology, Organic Electronics &amp; Nanomedicine (NANOTEXNOLOGY EXPO 2023), <\/em>June 29 \u2013 July 6, 2023, Salonic, Greece (<strong>Poster<\/strong>).<\/li>\n<li>I.A. Breze\u0219tean, D. Marconi, M. Suciu, N.E. Dina, I. Turcu, A. Colni\u021b\u0103, <strong>3D Silver Metallized Nanotrenches and Heterostructured ZnO@Ag Hybrid Substrates Used as a Highly Sensitive and Flexible SERS Detection Platform, <\/strong><em>13<\/em><em>th <\/em><em>Int. Exhibition on Nanotechnology, Organic Electronics &amp; Nanomedicine (NANOTEXNOLOGY EXPO 2023), <\/em>June 29 \u2013 July 6, 2023, Salonic, Greece (<strong>Poster<\/strong>).<\/li>\n<li>N.E. Dina, A. Colni\u021b\u0103, D. Marconi, I.A. Brezestean, A.M.R. Gherman, <strong>Surface-enhanced Raman scattering (SERS) for bioanalysis and diagnosis, <\/strong><em>13<\/em><em>th <\/em><em>Int. Exhibition on Nanotechnology, Organic Electronics &amp; Nanomedicine (NANOTEXNOLOGY EXPO 2023), <\/em>June 29 \u2013 July 6, 2023, Salonic, Greece (<strong>Poster<\/strong>).<\/li>\n<\/ol>\n<p>[\/et_pb_tab][et_pb_tab title=&#8221;Phase 3&#8243; _builder_version=&#8221;4.27.0&#8243; _module_preset=&#8221;default&#8221; global_colors_info=&#8221;{}&#8221;]<\/p>\n<p><strong><a href=\"https:\/\/www.itim-cj.ro\/PNCDI\/nanedissers\/wp-content\/uploads\/2024\/09\/Phase-3-summary.pdf\" target=\"_blank\" rel=\"noopener\">Phase 3\/2024 &#8211; Phase 3 summary<\/a><\/strong><\/p>\n<p><span style=\"color: #3366ff;\"><strong>Scientific papers<\/strong><\/span><\/p>\n<p>A. Colni\u021b\u0103<em> et al., <\/em>SERS Detection of Dopamine in Artificial Cerebrospinal Fluid and in Parkinson\u2019s Disease-Induced Mouse Cortex Using a Hybrid ZnO@Ag Nanostructured Platform, <strong>Microchemical Journal <\/strong>206 (2024) 111589 (IF=4.9, AIS=0.619 \u2013 <strong>Q1<\/strong>)<\/p>\n<p><span style=\"color: #3366ff;\"><strong>Attended conferences 2024<\/strong><\/span><\/p>\n<ol>\n<li><strong> <\/strong><u>A. Breze\u0219tean<\/u> <em>et al., <\/em><strong>3D Nanostructured Surfaces with Periodically Modeled Controlled Geometries Used as Flexible SERS Platforms for Ultrasensitive Detection<\/strong>, <em>Biocube meeting, \u0218coal\u0103 de iarn\u0103, <\/em>Decembrie 9-15 2024, Italia <strong>(Poster).<\/strong><\/li>\n<li><u>A. Colni\u021b\u0103 <em>et al., <\/em><\/u><strong>Label-free SERS detection of Parkinson\u2019s Disease biomarkers using a hybrid, 3D architecture platform, <\/strong><em>IC-ANMBES 2024,<\/em> Septembrie 17-20, Romania (<strong>Poster<\/strong>).<\/li>\n<li><span style=\"text-decoration: underline;\"> D.<\/span> <u>Marconi<\/u> <em>et al., <\/em><strong>High-throughput tunable 3D nanostructured surfaces fabricated by nanoimprint lithography<\/strong>, <em>IC-ANMBES 2024,<\/em> Septembrie 17-20, Romania (<strong>Poster<\/strong>).<\/li>\n<li><strong> <\/strong><u>A. Brezestean<\/u> <em>et al., <\/em><strong>Flexible ZnO@Ag hybrid thin films synthesized by Magnetron Sputtering technique for SERS detection<\/strong>, <em>IC-ANMBES 2024,<\/em> Septembrie 17-20, Romania (<strong>Poster<\/strong>).<span style=\"color: #3366ff;\"><strong><\/strong><\/span><\/li>\n<li><u>C. Moldoveanu<\/u> <em>et al.,<\/em><strong> Glucose-6-Phosphate dehydrogenase activity in MPTP-induced Parkinson&#8217;s disease correlations with cerebral Redox balance, <\/strong><em>BRAIN Conference 2024<\/em>, Martie 15, UK (<strong>Poster<\/strong>).<\/li>\n<\/ol>\n<p>[\/et_pb_tab][et_pb_tab title=&#8221;Database&#8221; _builder_version=&#8221;4.27.4&#8243; _module_preset=&#8221;default&#8221; hover_enabled=&#8221;0&#8243; sticky_enabled=&#8221;0&#8243;]<\/p>\n<p><a href=\"https:\/\/www.itim-cj.ro\/PNCDI\/nanedissers\/wp-content\/uploads\/2025\/06\/date-SERS-cortex.zip\"><strong>Spectrum cortex database<\/strong><\/a><\/p>\n<p>[\/et_pb_tab][\/et_pb_tabs][\/et_pb_column][\/et_pb_row][\/et_pb_section]<\/p>\n","protected":false},"excerpt":{"rendered":"<p>ResultsAwards Project summary Scientific papers I.B. Brezestean et al., Fabrication and Characterization of Hybrid and Tunable ZnO@Ag Flexible Thin Films Used as SERS Substrates, Chemosensors, 11(8) (2023) 441 (IF=4.2, AIS=0.530 \u2013 Q2). A. Colnita et al., A Review on Integrated ZnO-Based SERS Biosensors and Their Potential in Detecting Biomarkers of Neurodegenerative Diseases, Biosensors, 13(5) (2023) [&hellip;]<\/p>\n","protected":false},"author":1,"featured_media":0,"parent":0,"menu_order":0,"comment_status":"closed","ping_status":"closed","template":"","meta":{"_et_pb_use_builder":"on","_et_pb_old_content":"","_et_gb_content_width":"","footnotes":""},"class_list":["post-133","page","type-page","status-publish","hentry"],"_links":{"self":[{"href":"https:\/\/www.itim-cj.ro\/PNCDI\/nanedissers\/wp-json\/wp\/v2\/pages\/133","targetHints":{"allow":["GET"]}}],"collection":[{"href":"https:\/\/www.itim-cj.ro\/PNCDI\/nanedissers\/wp-json\/wp\/v2\/pages"}],"about":[{"href":"https:\/\/www.itim-cj.ro\/PNCDI\/nanedissers\/wp-json\/wp\/v2\/types\/page"}],"author":[{"embeddable":true,"href":"https:\/\/www.itim-cj.ro\/PNCDI\/nanedissers\/wp-json\/wp\/v2\/users\/1"}],"replies":[{"embeddable":true,"href":"https:\/\/www.itim-cj.ro\/PNCDI\/nanedissers\/wp-json\/wp\/v2\/comments?post=133"}],"version-history":[{"count":10,"href":"https:\/\/www.itim-cj.ro\/PNCDI\/nanedissers\/wp-json\/wp\/v2\/pages\/133\/revisions"}],"predecessor-version":[{"id":215,"href":"https:\/\/www.itim-cj.ro\/PNCDI\/nanedissers\/wp-json\/wp\/v2\/pages\/133\/revisions\/215"}],"wp:attachment":[{"href":"https:\/\/www.itim-cj.ro\/PNCDI\/nanedissers\/wp-json\/wp\/v2\/media?parent=133"}],"curies":[{"name":"wp","href":"https:\/\/api.w.org\/{rel}","templated":true}]}}