{"id":39,"date":"2023-07-27T12:48:21","date_gmt":"2023-07-27T12:48:21","guid":{"rendered":"https:\/\/www.itim-cj.ro\/PNCDI\/rapiddettbz\/?page_id=39"},"modified":"2023-12-06T12:44:45","modified_gmt":"2023-12-06T12:44:45","slug":"results","status":"publish","type":"page","link":"https:\/\/www.itim-cj.ro\/PNCDI\/rapiddettbz\/results\/","title":{"rendered":"Results"},"content":{"rendered":"<p>[et_pb_section fb_built=&#8221;1&#8243; module_id=&#8221;objectives&#8221; _builder_version=&#8221;4.20.4&#8243; _module_preset=&#8221;default&#8221; background_enable_color=&#8221;off&#8221; use_background_color_gradient=&#8221;on&#8221; background_color_gradient_stops=&#8221;#2b87da 0%|#0c71c3 100%&#8221; background_color_gradient_end=&#8221;#0c71c3&#8243; custom_margin=&#8221;||||false|false&#8221; custom_padding=&#8221;52px||35px||false|false&#8221; global_colors_info=&#8221;{}&#8221;][et_pb_row _builder_version=&#8221;4.20.4&#8243; _module_preset=&#8221;default&#8221; global_colors_info=&#8221;{}&#8221;][et_pb_column type=&#8221;4_4&#8243; _builder_version=&#8221;4.20.4&#8243; _module_preset=&#8221;default&#8221; global_colors_info=&#8221;{}&#8221;][et_pb_text _builder_version=&#8221;4.20.4&#8243; _module_preset=&#8221;default&#8221; header_font_size=&#8221;34px&#8221; global_colors_info=&#8221;{}&#8221;]<\/p>\n<h1><span style=\"color: #febf10;\">Results<\/span><\/h1>\n<p>[\/et_pb_text][\/et_pb_column][\/et_pb_row][\/et_pb_section][et_pb_section fb_built=&#8221;1&#8243; _builder_version=&#8221;4.20.4&#8243; _module_preset=&#8221;default&#8221; global_colors_info=&#8221;{}&#8221;][et_pb_row _builder_version=&#8221;4.20.4&#8243; _module_preset=&#8221;default&#8221; custom_margin=&#8221;|auto||411px||&#8221; custom_padding=&#8221;||0px|||&#8221; global_colors_info=&#8221;{}&#8221;][et_pb_column type=&#8221;4_4&#8243; _builder_version=&#8221;4.20.4&#8243; _module_preset=&#8221;default&#8221; global_colors_info=&#8221;{}&#8221;][et_pb_text _builder_version=&#8221;4.21.0&#8243; _module_preset=&#8221;default&#8221; header_2_line_height=&#8221;2em&#8221; custom_margin=&#8221;||-4px|||&#8221; hover_enabled=&#8221;0&#8243; global_colors_info=&#8221;{}&#8221; sticky_enabled=&#8221;0&#8243;]<\/p>\n<h2>Reports<\/h2>\n<p><strong><a href=\"https:\/\/www.itim-cj.ro\/PNCDI\/rapiddettbz\/wp-content\/uploads\/2023\/12\/Raport-de-activitate-4.pdf\" target=\"_blank\" rel=\"noopener\">Scientific and Technical Report 4<\/a><br \/><\/strong><\/p>\n<p><strong><a href=\"https:\/\/www.itim-cj.ro\/PNCDI\/rapiddettbz\/wp-content\/uploads\/2023\/12\/Raport-de-activitate-3.pdf\" target=\"_blank\" rel=\"noopener\">Scientific and Technical Report 3<\/a><br \/><\/strong><\/p>\n<p><a href=\"https:\/\/www.itim-cj.ro\/PNCDI\/rapiddettbz\/wp-content\/uploads\/2023\/12\/Raport-de-activitate-1.pdf\" target=\"_blank\" rel=\"noopener\"><strong>Scientific and Technical Report 1<\/strong><\/a><\/p>\n<p><strong>Summary of stage III 2022<\/strong><\/p>\n<p><a href=\"https:\/\/www.itim-cj.ro\/PNCDI\/rapiddettbz\/wp-content\/uploads\/2023\/12\/Prezentarea-rezultatelor-in-vederea-diseminarii-de-care-Autoritatea-Contractanta.pdf\" target=\"_blank\" rel=\"noopener\"><strong>Presentation of results for dissemination by the Contracting Authority<\/strong><\/a><\/p>\n<h2>Database<\/h2>\n<p class=\"moz-quote-pre\">Database of SERS results of investigated frozen products<\/p>\n<h2>Methods<\/h2>\n<p>Optimized extraction method of organochlorine pesticides<\/p>\n<h2>Validation reports<\/h2>\n<ol>\n<li>Validation report of the UHPLC-PDA method for the quantification of thiabendazole<\/li>\n<li>Report validation of the method for the determination of traces of pesticides in frozen fruits and vegetables by GC-ECD<\/li>\n<\/ol>\n<h2>ISI Articles<\/h2>\n<p><a href=\"https:\/\/doi.org\/10.3390\/app13052980\"><strong><em>Characterization and Differentiation of Wild and Cultivated Berries Based on Isotopic and Elemental Profiles,<\/em><\/strong><\/a> Gabriela Cristea, Adriana Dehelean, Romulus Puscas, Florina-Dorina Covaciu, Ariana Raluca Hategan, Csilla M\u00fcller Moln\u00e1r, Dana Alina M\u0103gda\u0219, Applied Sciences, 2023, 13(5), 2980<\/p>\n<p><a href=\"https:\/\/doi.org\/10.3390\/chemosensors11090505\"><strong><em>Surface-Enhance Raman Spectroscopy Detection of Thiabendazole in Frozen Food Products: The Case of Blueberries and Their Extracts<\/em><\/strong><\/a>, Csilla M\u00fcller Moln\u00e1r, Camelia Berghian-Gro\u0219an, Dana Alina M\u0103gda\u0219, Simona C\u00eent\u0103 P\u00eenzaru, Chemosensors, 2023, 11, 505.<\/p>\n<h2>International Conferences<strong><br \/><\/strong><\/h2>\n<p>Csilla Moln\u00e1r, Ariana-Raluca Hategan, Dana Alina Magdas<br \/>\u201c<strong><em>SERS discrimination of small berry fruits varieties<\/em><\/strong><strong><em>\u201d<br \/><\/em><\/strong>Conferin\u0163a interna\u0163ional\u0103: \u201c<a href=\"https:\/\/pim.itim-cj.ro\/pages\/programme.html\">14<sup>th<\/sup> International Conference on Processes in Isotopes and Molecules PIM 2023<\/a>\u201d, 19-22 Septembrie,\u00a02023, Cluj-Napoca, Rom\u00e2nia.<br \/>-premiat: best poster presentation award<\/p>\n<p>Veronica Floare-Avram, Csilla Moln\u00e1r, Florina-Dorina Covaciu<br \/><strong><em>\u201c<\/em><\/strong><strong><em>Quantification of pesticide residues in frozen fruits and vegetables by GC-ECD and HPLC\u201d<br \/><\/em><\/strong>Conferin\u0163a interna\u0163ional\u0103: \u201c<a href=\"https:\/\/pim.itim-cj.ro\/pages\/programme.html\">14<sup>th<\/sup> International Conference on Processes in Isotopes and Molecules PIM 2023<\/a>\u201d, 19-22 Septembrie,\u00a02023, Cluj-Napoca, Rom\u00e2nia.<\/p>\n<p>Florina-Dorina Covaciu, Adriana Dehelean, Veronica Floare-Avram, Csilla Moln\u00e1r, Gabriela Cristea<br \/><strong><em>\u201eGas Chromatography in the food control process\u201d<br \/><\/em><\/strong>Conferin\u0163a interna\u0163ional\u0103: \u201c<a href=\"https:\/\/www.sciencebg.net\/en\/conferences\/agriculture-and-food\/\">11<sup>th<\/sup> International Conference &#8211; Agriculture &amp; Food<\/a>\u201d, 14-17 August 2023, Burgas, Bulgaria.<\/p>\n<p>Cornelia Veronica Floare-Avram, Florina-Dorina Covaciu, Csilla Moln\u00e1r<br \/><strong><em>\u201eChromatographic quantification of benzimidazole fungicides in frozen fruit and vegetables using QuEChERS method\u201d<br \/><\/em><\/strong>Conferin\u0163a interna\u0163ional\u0103: \u201c<a href=\"https:\/\/www.sciencebg.net\/en\/conferences\/agriculture-and-food\/\">11<sup>th<\/sup> International Conference &#8211; Agriculture &amp; Food\u201d<\/a>, 14-17 August 2023, Burgas, Bulgaria.<\/p>\n<p>M\u00fcller Moln\u00e1r, C. Berghian-Grosan, S. Cinta P\u00e2nzaru, D. A. Magdas<br \/><strong><em>\u201eSERS detection of Thiabendazole pesticide in frozen fruits and vegetables\u201d<br \/><\/em><\/strong>Conferin\u0163a interna\u0163ional\u0103: <a href=\"https:\/\/www.sciencebg.net\/en\/conferences\/agriculture-and-food\/\">10<sup>th<\/sup> International Conference \u201cAgriculture &amp; Food\u201d<\/a>, 16-19 august 2022, Burgas, Bulgaria.<\/p>\n<p>M\u00fcller Moln\u00e1r, C. Berghian-Grosan, S. Cinta P\u00e2nzaru, D. A. Magdas<br \/><strong><em>\u201eRapid detection of Thiabendazole pesticide in frozen fruits and vegetables commercialized in Romanian stores\u201d<br \/><\/em><\/strong><a href=\"https:\/\/icanmbes2020.sciforum.net\/\">The 6<sup>th<\/sup> edition of International Conference on Analytical and Nanoanalytical Methods for Biomedical and Environmental Sciences (IC-ANMBES 2022)<\/a>, 8-10 Iunie , 2022, Bra\u0219ov, Rom\u00e2nia.<\/p>\n<p><strong>\u00a01<\/strong><strong> short oral prezentation:<br \/><\/strong><\/p>\n<p>M\u00fcller Moln\u00e1r, C. Berghian-Gro\u0219an, D. A. M\u0103gda\u0219, S. C\u00eent\u0103 P\u00eenzaru<br \/><strong><em>Bentonite-filtered blueberry extracts allowed lowering the SERS detection limit of thiabendazole in frozen fruits<br \/><\/em><\/strong>Conferin\u0163a interna\u0163ional\u0103: <a href=\"https:\/\/icpams.com\/main\/programme-icpam\/\">15th International Conference on Physics of Advanced Materials &#8211; ICPAM \u2013 15<\/a>, Sharm El Sheikh, Egypt, November 19-26, 2023<\/p>\n<ul><\/ul>\n<p>[\/et_pb_text][\/et_pb_column][\/et_pb_row][et_pb_row column_structure=&#8221;2_5,3_5&#8243; _builder_version=&#8221;4.21.0&#8243; _module_preset=&#8221;default&#8221; global_colors_info=&#8221;{}&#8221;][et_pb_column type=&#8221;2_5&#8243; _builder_version=&#8221;4.21.0&#8243; _module_preset=&#8221;default&#8221; global_colors_info=&#8221;{}&#8221;][et_pb_text _builder_version=&#8221;4.21.0&#8243; _module_preset=&#8221;default&#8221; custom_margin=&#8221;-19px|||||&#8221; global_colors_info=&#8221;{}&#8221;]<\/p>\n<h2>Organizing a workshop<\/h2>\n<p>Workshop<strong> on nano-biosensing with portable\/handheld Raman systems: From food products, toxins, safety and molecular contaminants to knowledge transfer to economic partners \u2013 With practical demos!, <\/strong>6 octombrie 2022, Cluj-Napoca, Rom\u00e2nia.<\/p>\n<p><a href=\"https:\/\/www.itim-cj.ro\/PNCDI\/rapiddettbz\/wp-content\/uploads\/2023\/12\/Workshop-on-Food-Control-6-oct2022.pdf\" target=\"_blank\" rel=\"noopener\"><strong>Download pdf poster<\/strong><\/a><\/p>\n<p>[\/et_pb_text][\/et_pb_column][et_pb_column type=&#8221;3_5&#8243; _builder_version=&#8221;4.21.0&#8243; _module_preset=&#8221;default&#8221; global_colors_info=&#8221;{}&#8221;][et_pb_image src=&#8221;https:\/\/www.itim-cj.ro\/PNCDI\/rapiddettbz\/wp-content\/uploads\/2023\/07\/Workshop-on-Food-Control-6-oct2022_001-scaled-1.jpg&#8221; title_text=&#8221;Workshop-on-Food-Control-6-oct2022_001-scaled-1&#8243; _builder_version=&#8221;4.21.0&#8243; _module_preset=&#8221;default&#8221; custom_padding=&#8221;0px|||||&#8221; global_colors_info=&#8221;{}&#8221;][\/et_pb_image][\/et_pb_column][\/et_pb_row][\/et_pb_section]<\/p>\n","protected":false},"excerpt":{"rendered":"<p>ResultsReports Scientific and Technical Report 4 Scientific and Technical Report 3 Scientific and Technical Report 1 Summary of stage III 2022 Presentation of results for dissemination by the Contracting Authority Database Database of SERS results of investigated frozen products Methods Optimized extraction method of organochlorine pesticides Validation reports Validation report of the UHPLC-PDA method for [&hellip;]<\/p>\n","protected":false},"author":1,"featured_media":0,"parent":0,"menu_order":0,"comment_status":"closed","ping_status":"closed","template":"","meta":{"_et_pb_use_builder":"on","_et_pb_old_content":"","_et_gb_content_width":""},"_links":{"self":[{"href":"https:\/\/www.itim-cj.ro\/PNCDI\/rapiddettbz\/wp-json\/wp\/v2\/pages\/39"}],"collection":[{"href":"https:\/\/www.itim-cj.ro\/PNCDI\/rapiddettbz\/wp-json\/wp\/v2\/pages"}],"about":[{"href":"https:\/\/www.itim-cj.ro\/PNCDI\/rapiddettbz\/wp-json\/wp\/v2\/types\/page"}],"author":[{"embeddable":true,"href":"https:\/\/www.itim-cj.ro\/PNCDI\/rapiddettbz\/wp-json\/wp\/v2\/users\/1"}],"replies":[{"embeddable":true,"href":"https:\/\/www.itim-cj.ro\/PNCDI\/rapiddettbz\/wp-json\/wp\/v2\/comments?post=39"}],"version-history":[{"count":10,"href":"https:\/\/www.itim-cj.ro\/PNCDI\/rapiddettbz\/wp-json\/wp\/v2\/pages\/39\/revisions"}],"predecessor-version":[{"id":79,"href":"https:\/\/www.itim-cj.ro\/PNCDI\/rapiddettbz\/wp-json\/wp\/v2\/pages\/39\/revisions\/79"}],"wp:attachment":[{"href":"https:\/\/www.itim-cj.ro\/PNCDI\/rapiddettbz\/wp-json\/wp\/v2\/media?parent=39"}],"curies":[{"name":"wp","href":"https:\/\/api.w.org\/{rel}","templated":true}]}}