{"id":38,"date":"2025-11-26T12:46:00","date_gmt":"2025-11-26T12:46:00","guid":{"rendered":"https:\/\/www.itim-cj.ro\/bilateral\/hyd-wat-plant\/?page_id=38"},"modified":"2025-11-26T12:46:01","modified_gmt":"2025-11-26T12:46:01","slug":"rezumat","status":"publish","type":"page","link":"https:\/\/www.itim-cj.ro\/bilateral\/hyd-wat-plant\/ro\/rezumat\/","title":{"rendered":"Rezumat"},"content":{"rendered":"\n<p>Calitatea sc\u0103zut\u0103 a apei cauzat\u0103 de contamin\u0103ri periculoase reprezint\u0103 o preocupare deosebit\u0103 pentru s\u0103n\u0103tate \u0219i sustenabilitate. Cele mai importante surse de contaminare a apei sunt evacu\u0103rile industriale, evacu\u0103rile municipale \u0219i activit\u0103\u021bile agricole. Dintre contaminan\u021bi, compu\u0219ii farmaceutici din ecosistemele acvatice au devenit o preocupare \u00een ultimul deceniu. Astfel, scopul proiectului este preg\u0103tirea, caracterizarea \u0219i testarea unui nou compozit pe baz\u0103 de hidrogel \u0219i de\u0219euri din fructe pentru \u00eendep\u0103rtarea paracetamolului din ap\u0103 contaminat\u0103 \u0219i pentru \u00eembun\u0103t\u0103\u021birea calit\u0103\u021bii solului \u0219i a plantelor.<\/p>\n\n\n\n<p>Noutatea acestui proiect: combinarea compostului ob\u021binut din de\u0219euri de mere \u0219i portocale cu hidrogel pe baz\u0103 de alginat. Noutatea acestui proiect const\u0103 \u00een: i) \u00eencapsularea de\u0219eurilor de portocale \u00een alginat; ii) utilizarea acestor compozite pentru eliminarea paracetamolului din apele contaminate; iii) evaluarea efectelor acestor compozite asupra absorb\u021biei nutrien\u021bilor de c\u0103tre plante \u00een condi\u021bii de irigare cu ap\u0103 contaminat\u0103 cu paracetamol.<\/p>\n\n\n\n<p>Prezentul proiect va facilita schimbul de experien\u021b\u0103 \u0219i de experien\u021b\u0103 \u00eentre cercet\u0103tori \u0219i INCDTIM \u0219i va crea noi oportunit\u0103\u021bi pentru colabor\u0103ri aplicative cu p\u0103r\u021bi interesate din diferite zone ale lumii.<\/p>\n","protected":false},"excerpt":{"rendered":"<p>Calitatea sc\u0103zut\u0103 a apei cauzat\u0103 de contamin\u0103ri periculoase reprezint\u0103 o preocupare deosebit\u0103 pentru s\u0103n\u0103tate \u0219i sustenabilitate. Cele mai importante surse de contaminare a apei sunt evacu\u0103rile industriale, evacu\u0103rile municipale \u0219i [&hellip;]<\/p>\n","protected":false},"author":1,"featured_media":0,"parent":0,"menu_order":0,"comment_status":"closed","ping_status":"closed","template":"","meta":{"footnotes":""},"class_list":["post-38","page","type-page","status-publish","hentry"],"_links":{"self":[{"href":"https:\/\/www.itim-cj.ro\/bilateral\/hyd-wat-plant\/wp-json\/wp\/v2\/pages\/38","targetHints":{"allow":["GET"]}}],"collection":[{"href":"https:\/\/www.itim-cj.ro\/bilateral\/hyd-wat-plant\/wp-json\/wp\/v2\/pages"}],"about":[{"href":"https:\/\/www.itim-cj.ro\/bilateral\/hyd-wat-plant\/wp-json\/wp\/v2\/types\/page"}],"author":[{"embeddable":true,"href":"https:\/\/www.itim-cj.ro\/bilateral\/hyd-wat-plant\/wp-json\/wp\/v2\/users\/1"}],"replies":[{"embeddable":true,"href":"https:\/\/www.itim-cj.ro\/bilateral\/hyd-wat-plant\/wp-json\/wp\/v2\/comments?post=38"}],"version-history":[{"count":1,"href":"https:\/\/www.itim-cj.ro\/bilateral\/hyd-wat-plant\/wp-json\/wp\/v2\/pages\/38\/revisions"}],"predecessor-version":[{"id":39,"href":"https:\/\/www.itim-cj.ro\/bilateral\/hyd-wat-plant\/wp-json\/wp\/v2\/pages\/38\/revisions\/39"}],"wp:attachment":[{"href":"https:\/\/www.itim-cj.ro\/bilateral\/hyd-wat-plant\/wp-json\/wp\/v2\/media?parent=38"}],"curies":[{"name":"wp","href":"https:\/\/api.w.org\/{rel}","templated":true}]}}