{"id":41,"date":"2023-03-17T08:18:55","date_gmt":"2023-03-17T08:18:55","guid":{"rendered":"https:\/\/www.itim-cj.ro\/graftid\/?page_id=41"},"modified":"2023-03-17T08:19:22","modified_gmt":"2023-03-17T08:19:22","slug":"team","status":"publish","type":"page","link":"https:\/\/www.itim-cj.ro\/graftid\/team\/","title":{"rendered":"Team"},"content":{"rendered":"<p>[et_pb_section fb_built=&#8221;1&#8243; _builder_version=&#8221;4.20.2&#8243; _module_preset=&#8221;default&#8221; background_image=&#8221;http:\/\/www.itim-cj.ro\/graftid\/wp-content\/uploads\/2023\/03\/top1.jpg&#8221; global_colors_info=&#8221;{}&#8221; theme_builder_area=&#8221;post_content&#8221;][et_pb_row _builder_version=&#8221;4.20.2&#8243; _module_preset=&#8221;default&#8221; global_colors_info=&#8221;{}&#8221; theme_builder_area=&#8221;post_content&#8221;][et_pb_column type=&#8221;4_4&#8243; _builder_version=&#8221;4.20.2&#8243; _module_preset=&#8221;default&#8221; global_colors_info=&#8221;{}&#8221; theme_builder_area=&#8221;post_content&#8221;][et_pb_text _builder_version=&#8221;4.20.2&#8243; _module_preset=&#8221;default&#8221; header_font=&#8221;Basic|600|||||||&#8221; header_text_color=&#8221;#4c4c4c&#8221; header_font_size=&#8221;42px&#8221; global_colors_info=&#8221;{}&#8221; theme_builder_area=&#8221;post_content&#8221;]<\/p>\n<h1>Team<\/h1>\n<p>[\/et_pb_text][\/et_pb_column][\/et_pb_row][\/et_pb_section][et_pb_section fb_built=&#8221;1&#8243; _builder_version=&#8221;4.20.2&#8243; _module_preset=&#8221;default&#8221; global_colors_info=&#8221;{}&#8221; theme_builder_area=&#8221;post_content&#8221;][et_pb_row _builder_version=&#8221;4.20.2&#8243; _module_preset=&#8221;default&#8221; theme_builder_area=&#8221;post_content&#8221; column_structure=&#8221;1_4,3_4&#8243;][et_pb_column _builder_version=&#8221;4.20.2&#8243; _module_preset=&#8221;default&#8221; type=&#8221;1_4&#8243; theme_builder_area=&#8221;post_content&#8221;][et_pb_image src=&#8221;http:\/\/www.itim-cj.ro\/graftid\/wp-content\/uploads\/2023\/03\/Sigla-ITIM-new-80&#215;80-1.png&#8221; _builder_version=&#8221;4.20.2&#8243; _module_preset=&#8221;default&#8221; theme_builder_area=&#8221;post_content&#8221; title_text=&#8221;Sigla-ITIM-new-80&#215;80-1&#8243; hover_enabled=&#8221;0&#8243; sticky_enabled=&#8221;0&#8243; align=&#8221;right&#8221;][\/et_pb_image][\/et_pb_column][et_pb_column _builder_version=&#8221;4.20.2&#8243; _module_preset=&#8221;default&#8221; type=&#8221;3_4&#8243; theme_builder_area=&#8221;post_content&#8221;][et_pb_text _builder_version=&#8221;4.20.2&#8243; _module_preset=&#8221;default&#8221; theme_builder_area=&#8221;post_content&#8221; hover_enabled=&#8221;0&#8243; sticky_enabled=&#8221;0&#8243; custom_margin=&#8221;|||-29px||&#8221; custom_padding=&#8221;14px||7px|||&#8221; header_3_line_height=&#8221;1.7em&#8221; header_3_font=&#8221;|600|||||||&#8221;]<\/p>\n<h3>National Institut for Research and Development of Isotopic and Molecular Technologies &#8211; INCDTIM Cluj-Napoca<\/h3>\n<p>[\/et_pb_text][\/et_pb_column][\/et_pb_row][et_pb_row _builder_version=&#8221;4.20.2&#8243; _module_preset=&#8221;default&#8221; global_colors_info=&#8221;{}&#8221; column_structure=&#8221;1_4,1_4,1_4,1_4&#8243; theme_builder_area=&#8221;post_content&#8221;][et_pb_column type=&#8221;1_4&#8243; _builder_version=&#8221;4.20.2&#8243; _module_preset=&#8221;default&#8221; global_colors_info=&#8221;{}&#8221; theme_builder_area=&#8221;post_content&#8221;][et_pb_team_member name=&#8221;Crina SOCACI&#8221; image_url=&#8221;http:\/\/www.itim-cj.ro\/graftid\/wp-content\/uploads\/2023\/03\/Socaci-Crina.jpg&#8221; _builder_version=&#8221;4.20.2&#8243; _module_preset=&#8221;default&#8221; theme_builder_area=&#8221;post_content&#8221; link_option_url=&#8221;http:\/\/en.itim-cj.ro\/portfolio\/dr-socaci-crina-anca\/&#8221; link_option_url_new_window=&#8221;on&#8221; title_text=&#8221;Socaci Crina&#8221; hover_enabled=&#8221;0&#8243; sticky_enabled=&#8221;0&#8243; text_orientation=&#8221;center&#8221;][\/et_pb_team_member][\/et_pb_column][et_pb_column type=&#8221;1_4&#8243; _builder_version=&#8221;4.20.2&#8243; _module_preset=&#8221;default&#8221; global_colors_info=&#8221;{}&#8221; theme_builder_area=&#8221;post_content&#8221;][et_pb_team_member name=&#8221;Marcela RO\u015eU&#8221; image_url=&#8221;http:\/\/www.itim-cj.ro\/graftid\/wp-content\/uploads\/2023\/03\/marcela-rosu.jpg&#8221; _builder_version=&#8221;4.20.2&#8243; _module_preset=&#8221;default&#8221; theme_builder_area=&#8221;post_content&#8221; title_text=&#8221;marcela-rosu&#8221; link_option_url=&#8221;http:\/\/en.itim-cj.ro\/portfolio\/dr-rosu-marcela-corina\/&#8221; link_option_url_new_window=&#8221;on&#8221; hover_enabled=&#8221;0&#8243; sticky_enabled=&#8221;0&#8243; text_orientation=&#8221;center&#8221;][\/et_pb_team_member][\/et_pb_column][et_pb_column type=&#8221;1_4&#8243; _builder_version=&#8221;4.20.2&#8243; _module_preset=&#8221;default&#8221; global_colors_info=&#8221;{}&#8221; theme_builder_area=&#8221;post_content&#8221;][et_pb_team_member name=&#8221;Monica DAN&#8221; image_url=&#8221;http:\/\/www.itim-cj.ro\/graftid\/wp-content\/uploads\/2023\/03\/Monica_Dan-201&#215;300-1.jpg&#8221; _builder_version=&#8221;4.20.2&#8243; _module_preset=&#8221;default&#8221; theme_builder_area=&#8221;post_content&#8221; title_text=&#8221;Monica_Dan-201&#215;300-1&#8243; link_option_url=&#8221;http:\/\/en.itim-cj.ro\/portfolio\/dr-dan-monica-alexandrina-diana\/&#8221; link_option_url_new_window=&#8221;on&#8221; hover_enabled=&#8221;0&#8243; sticky_enabled=&#8221;0&#8243; text_orientation=&#8221;center&#8221;][\/et_pb_team_member][\/et_pb_column][et_pb_column type=&#8221;1_4&#8243; _builder_version=&#8221;4.20.2&#8243; _module_preset=&#8221;default&#8221; global_colors_info=&#8221;{}&#8221; theme_builder_area=&#8221;post_content&#8221;][et_pb_team_member name=&#8221;Teodora RADU&#8221; image_url=&#8221;http:\/\/www.itim-cj.ro\/graftid\/wp-content\/uploads\/2023\/03\/Teodora_Radu-201&#215;300-1.jpg&#8221; _builder_version=&#8221;4.20.2&#8243; _module_preset=&#8221;default&#8221; theme_builder_area=&#8221;post_content&#8221; title_text=&#8221;Teodora_Radu-201&#215;300-1&#8243; link_option_url=&#8221;http:\/\/en.itim-cj.ro\/portfolio\/dr-radu-teodora-maria\/&#8221; link_option_url_new_window=&#8221;on&#8221; hover_enabled=&#8221;0&#8243; sticky_enabled=&#8221;0&#8243; text_orientation=&#8221;center&#8221;][\/et_pb_team_member][\/et_pb_column][\/et_pb_row][et_pb_row _builder_version=&#8221;4.20.2&#8243; _module_preset=&#8221;default&#8221; global_colors_info=&#8221;{}&#8221; column_structure=&#8221;1_4,1_4,1_4,1_4&#8243; theme_builder_area=&#8221;post_content&#8221;][et_pb_column type=&#8221;1_4&#8243; _builder_version=&#8221;4.20.2&#8243; _module_preset=&#8221;default&#8221; global_colors_info=&#8221;{}&#8221; theme_builder_area=&#8221;post_content&#8221;][et_pb_team_member name=&#8221;Diana LAZ\u0102R&#8221; image_url=&#8221;http:\/\/www.itim-cj.ro\/graftid\/wp-content\/uploads\/2023\/03\/Diana_Lazar-1-201&#215;300-1.jpg&#8221; _builder_version=&#8221;4.20.2&#8243; _module_preset=&#8221;default&#8221; theme_builder_area=&#8221;post_content&#8221; link_option_url=&#8221;http:\/\/en.itim-cj.ro\/portfolio\/dr-lazar-mihaela-diana\/&#8221; link_option_url_new_window=&#8221;on&#8221; title_text=&#8221;Diana_Lazar-1-201&#215;300-1&#8243; hover_enabled=&#8221;0&#8243; sticky_enabled=&#8221;0&#8243; text_orientation=&#8221;center&#8221;][\/et_pb_team_member][\/et_pb_column][et_pb_column type=&#8221;1_4&#8243; _builder_version=&#8221;4.20.2&#8243; _module_preset=&#8221;default&#8221; global_colors_info=&#8221;{}&#8221; theme_builder_area=&#8221;post_content&#8221;][et_pb_team_member name=&#8221;Alexandra CIOR\u00ce\u0162\u0102&#8221; image_url=&#8221;http:\/\/www.itim-cj.ro\/graftid\/wp-content\/uploads\/2023\/03\/Alexandra-Ciorita.jpg&#8221; _builder_version=&#8221;4.20.2&#8243; _module_preset=&#8221;default&#8221; theme_builder_area=&#8221;post_content&#8221; title_text=&#8221;Alexandra Ciorita&#8221; link_option_url=&#8221;http:\/\/en.itim-cj.ro\/portfolio\/dr-rosu-marcela-corina\/&#8221; link_option_url_new_window=&#8221;on&#8221; hover_enabled=&#8221;0&#8243; sticky_enabled=&#8221;0&#8243; text_orientation=&#8221;center&#8221;][\/et_pb_team_member][\/et_pb_column][et_pb_column type=&#8221;1_4&#8243; _builder_version=&#8221;4.20.2&#8243; _module_preset=&#8221;default&#8221; global_colors_info=&#8221;{}&#8221; theme_builder_area=&#8221;post_content&#8221;][et_pb_team_member name=&#8221;Alexandru TURZA&#8221; image_url=&#8221;http:\/\/www.itim-cj.ro\/graftid\/wp-content\/uploads\/2023\/03\/Alexandru_Turza.jpg&#8221; _builder_version=&#8221;4.20.2&#8243; _module_preset=&#8221;default&#8221; theme_builder_area=&#8221;post_content&#8221; title_text=&#8221;Alexandru_Turza&#8221; link_option_url=&#8221;http:\/\/en.itim-cj.ro\/portfolio\/turza-ioan-alexandru\/&#8221; link_option_url_new_window=&#8221;on&#8221; hover_enabled=&#8221;0&#8243; sticky_enabled=&#8221;0&#8243; text_orientation=&#8221;center&#8221;][\/et_pb_team_member][\/et_pb_column][et_pb_column type=&#8221;1_4&#8243; _builder_version=&#8221;4.20.2&#8243; _module_preset=&#8221;default&#8221; global_colors_info=&#8221;{}&#8221; theme_builder_area=&#8221;post_content&#8221;][et_pb_team_member name=&#8221;Veronica FLOARE-AVRAM&#8221; image_url=&#8221;http:\/\/www.itim-cj.ro\/graftid\/wp-content\/uploads\/2023\/03\/Cornelia_Floare-1.jpg&#8221; _builder_version=&#8221;4.20.2&#8243; _module_preset=&#8221;default&#8221; theme_builder_area=&#8221;post_content&#8221; title_text=&#8221;Cornelia_Floare-1&#8243; link_option_url=&#8221;http:\/\/en.itim-cj.ro\/portfolio\/dr-floare-avram-cornelia-veronica\/&#8221; link_option_url_new_window=&#8221;on&#8221; hover_enabled=&#8221;0&#8243; sticky_enabled=&#8221;0&#8243; text_orientation=&#8221;center&#8221;][\/et_pb_team_member][\/et_pb_column][\/et_pb_row][et_pb_row _builder_version=&#8221;4.20.2&#8243; _module_preset=&#8221;default&#8221; global_colors_info=&#8221;{}&#8221; column_structure=&#8221;1_4,1_4,1_4,1_4&#8243; theme_builder_area=&#8221;post_content&#8221;][et_pb_column type=&#8221;1_4&#8243; _builder_version=&#8221;4.20.2&#8243; _module_preset=&#8221;default&#8221; global_colors_info=&#8221;{}&#8221; theme_builder_area=&#8221;post_content&#8221;][et_pb_team_member name=&#8221;Adriana VULCU&#8221; image_url=&#8221;http:\/\/www.itim-cj.ro\/graftid\/wp-content\/uploads\/2023\/03\/Adriana_Vulcu-1.jpg&#8221; _builder_version=&#8221;4.20.2&#8243; _module_preset=&#8221;default&#8221; theme_builder_area=&#8221;post_content&#8221; link_option_url=&#8221;http:\/\/en.itim-cj.ro\/portfolio\/dr-vulcu-adriana-elena\/&#8221; link_option_url_new_window=&#8221;on&#8221; title_text=&#8221;Adriana_Vulcu-1&#8243; hover_enabled=&#8221;0&#8243; sticky_enabled=&#8221;0&#8243; text_orientation=&#8221;center&#8221;][\/et_pb_team_member][\/et_pb_column][et_pb_column type=&#8221;1_4&#8243; _builder_version=&#8221;4.20.2&#8243; _module_preset=&#8221;default&#8221; global_colors_info=&#8221;{}&#8221; theme_builder_area=&#8221;post_content&#8221;][et_pb_team_member name=&#8221;Drago\u0219 COSMA&#8221; image_url=&#8221;http:\/\/www.itim-cj.ro\/graftid\/wp-content\/uploads\/2023\/03\/cosma-dragos.jpg&#8221; _builder_version=&#8221;4.20.2&#8243; _module_preset=&#8221;default&#8221; theme_builder_area=&#8221;post_content&#8221; title_text=&#8221;cosma-dragos&#8221; link_option_url=&#8221;http:\/\/en.itim-cj.ro\/portfolio\/ing-cosma-dragos-viorel\/&#8221; link_option_url_new_window=&#8221;on&#8221; hover_enabled=&#8221;0&#8243; sticky_enabled=&#8221;0&#8243; text_orientation=&#8221;center&#8221;][\/et_pb_team_member][\/et_pb_column][et_pb_column type=&#8221;1_4&#8243; _builder_version=&#8221;4.20.2&#8243; _module_preset=&#8221;default&#8221; global_colors_info=&#8221;{}&#8221; theme_builder_area=&#8221;post_content&#8221;][et_pb_team_member name=&#8221;Alexandra URDA&#8221; image_url=&#8221;http:\/\/www.itim-cj.ro\/graftid\/wp-content\/uploads\/2023\/03\/Urda-Alexandra.jpg&#8221; _builder_version=&#8221;4.20.2&#8243; _module_preset=&#8221;default&#8221; theme_builder_area=&#8221;post_content&#8221; title_text=&#8221;Urda-Alexandra&#8221; link_option_url=&#8221;http:\/\/en.itim-cj.ro\/portfolio\/urda-alexandra\/&#8221; link_option_url_new_window=&#8221;on&#8221; hover_enabled=&#8221;0&#8243; sticky_enabled=&#8221;0&#8243; text_orientation=&#8221;center&#8221;][\/et_pb_team_member][\/et_pb_column][et_pb_column type=&#8221;1_4&#8243; _builder_version=&#8221;4.20.2&#8243; _module_preset=&#8221;default&#8221; global_colors_info=&#8221;{}&#8221; theme_builder_area=&#8221;post_content&#8221;][et_pb_team_member name=&#8221;Anca MURE\u0218AN&#8221; image_url=&#8221;http:\/\/www.itim-cj.ro\/graftid\/wp-content\/uploads\/2023\/03\/download.png&#8221; _builder_version=&#8221;4.20.2&#8243; _module_preset=&#8221;default&#8221; theme_builder_area=&#8221;post_content&#8221; title_text=&#8221;download&#8221; link_option_url_new_window=&#8221;on&#8221; hover_enabled=&#8221;0&#8243; sticky_enabled=&#8221;0&#8243; text_orientation=&#8221;center&#8221;][\/et_pb_team_member][\/et_pb_column][\/et_pb_row][et_pb_row _builder_version=&#8221;4.20.2&#8243; _module_preset=&#8221;default&#8221; theme_builder_area=&#8221;post_content&#8221; column_structure=&#8221;1_4,3_4&#8243;][et_pb_column _builder_version=&#8221;4.20.2&#8243; _module_preset=&#8221;default&#8221; type=&#8221;1_4&#8243; theme_builder_area=&#8221;post_content&#8221;][et_pb_image src=&#8221;http:\/\/www.itim-cj.ro\/graftid\/wp-content\/uploads\/2023\/03\/80&#215;50-Logo_of_USN.png&#8221; _builder_version=&#8221;4.20.2&#8243; _module_preset=&#8221;default&#8221; theme_builder_area=&#8221;post_content&#8221; title_text=&#8221;80&#215;50-Logo_of_USN&#8221; hover_enabled=&#8221;0&#8243; sticky_enabled=&#8221;0&#8243; align=&#8221;right&#8221;][\/et_pb_image][\/et_pb_column][et_pb_column _builder_version=&#8221;4.20.2&#8243; _module_preset=&#8221;default&#8221; type=&#8221;3_4&#8243; theme_builder_area=&#8221;post_content&#8221;][et_pb_text _builder_version=&#8221;4.20.2&#8243; _module_preset=&#8221;default&#8221; theme_builder_area=&#8221;post_content&#8221; hover_enabled=&#8221;0&#8243; sticky_enabled=&#8221;0&#8243; custom_margin=&#8221;|||-29px||&#8221; custom_padding=&#8221;4px||7px|||&#8221; header_3_line_height=&#8221;1.7em&#8221; header_3_font=&#8221;|600|||||||&#8221;]<\/p>\n<h3><strong>University of South-Eastern Norway <\/strong><\/h3>\n<p>[\/et_pb_text][\/et_pb_column][\/et_pb_row][et_pb_row _builder_version=&#8221;4.20.2&#8243; _module_preset=&#8221;default&#8221; column_structure=&#8221;1_3,1_3,1_3&#8243; theme_builder_area=&#8221;post_content&#8221;][et_pb_column _builder_version=&#8221;4.20.2&#8243; _module_preset=&#8221;default&#8221; type=&#8221;1_3&#8243; theme_builder_area=&#8221;post_content&#8221;][et_pb_team_member name=&#8221;Kaiying WANG&#8221; _builder_version=&#8221;4.20.2&#8243; _module_preset=&#8221;default&#8221; theme_builder_area=&#8221;post_content&#8221; hover_enabled=&#8221;0&#8243; sticky_enabled=&#8221;0&#8243; text_orientation=&#8221;center&#8221; link_option_url=&#8221;https:\/\/www.researchgate.net\/profile\/K-Wang-7&#8243; link_option_url_new_window=&#8221;on&#8221;][\/et_pb_team_member][\/et_pb_column][et_pb_column _builder_version=&#8221;4.20.2&#8243; _module_preset=&#8221;default&#8221; type=&#8221;1_3&#8243; theme_builder_area=&#8221;post_content&#8221;][et_pb_team_member name=&#8221;Chaoqun CHENG&#8221; _builder_version=&#8221;4.20.2&#8243; _module_preset=&#8221;default&#8221; theme_builder_area=&#8221;post_content&#8221; hover_enabled=&#8221;0&#8243; sticky_enabled=&#8221;0&#8243; text_orientation=&#8221;center&#8221; link_option_url=&#8221;https:\/\/www.researchgate.net\/profile\/Chaoqun-Cheng &#8221; link_option_url_new_window=&#8221;on&#8221;][\/et_pb_team_member][\/et_pb_column][et_pb_column _builder_version=&#8221;4.20.2&#8243; _module_preset=&#8221;default&#8221; type=&#8221;1_3&#8243; theme_builder_area=&#8221;post_content&#8221;][et_pb_team_member name=&#8221;Kim R. GUSTAVSEN&#8221; _builder_version=&#8221;4.20.2&#8243; _module_preset=&#8221;default&#8221; theme_builder_area=&#8221;post_content&#8221; hover_enabled=&#8221;0&#8243; sticky_enabled=&#8221;0&#8243; text_orientation=&#8221;center&#8221; link_option_url=&#8221;https:\/\/www.researchgate.net\/profile\/Kim-Gustavsen-2 &#8221; link_option_url_new_window=&#8221;on&#8221;][\/et_pb_team_member][\/et_pb_column][\/et_pb_row][et_pb_row _builder_version=&#8221;4.20.2&#8243; _module_preset=&#8221;default&#8221; theme_builder_area=&#8221;post_content&#8221; column_structure=&#8221;1_4,3_4&#8243;][et_pb_column _builder_version=&#8221;4.20.2&#8243; _module_preset=&#8221;default&#8221; type=&#8221;1_4&#8243; theme_builder_area=&#8221;post_content&#8221;][et_pb_image src=&#8221;http:\/\/www.itim-cj.ro\/graftid\/wp-content\/uploads\/2023\/03\/ifin-hh-logo-100.png&#8221; _builder_version=&#8221;4.20.2&#8243; _module_preset=&#8221;default&#8221; theme_builder_area=&#8221;post_content&#8221; title_text=&#8221;ifin-hh-logo-100&#8243; hover_enabled=&#8221;0&#8243; sticky_enabled=&#8221;0&#8243; align=&#8221;right&#8221;][\/et_pb_image][\/et_pb_column][et_pb_column _builder_version=&#8221;4.20.2&#8243; _module_preset=&#8221;default&#8221; type=&#8221;3_4&#8243; theme_builder_area=&#8221;post_content&#8221;][et_pb_text _builder_version=&#8221;4.20.2&#8243; _module_preset=&#8221;default&#8221; theme_builder_area=&#8221;post_content&#8221; hover_enabled=&#8221;0&#8243; sticky_enabled=&#8221;0&#8243; custom_margin=&#8221;|||-29px||&#8221; custom_padding=&#8221;4px||7px|||&#8221; header_3_line_height=&#8221;1.7em&#8221; header_3_font=&#8221;|600|||||||&#8221;]<\/p>\n<h3><strong>Horia Hulubei National Institute for Research and Development in Physics and Nuclear Engineering<br \/><\/strong><\/h3>\n<p>[\/et_pb_text][\/et_pb_column][\/et_pb_row][et_pb_row _builder_version=&#8221;4.20.2&#8243; _module_preset=&#8221;default&#8221; column_structure=&#8221;1_5,1_5,1_5,1_5,1_5&#8243; theme_builder_area=&#8221;post_content&#8221;][et_pb_column _builder_version=&#8221;4.20.2&#8243; _module_preset=&#8221;default&#8221; type=&#8221;1_5&#8243; theme_builder_area=&#8221;post_content&#8221;][et_pb_team_member name=&#8221;Gheorghe MATEESCU&#8221; image_url=&#8221;http:\/\/www.itim-cj.ro\/graftid\/wp-content\/uploads\/2023\/03\/download.png&#8221; _builder_version=&#8221;4.20.2&#8243; _module_preset=&#8221;default&#8221; theme_builder_area=&#8221;post_content&#8221; text_orientation=&#8221;center&#8221; hover_enabled=&#8221;0&#8243; sticky_enabled=&#8221;0&#8243; title_text=&#8221;download&#8221; link_option_url=&#8221;https:\/\/www.researchgate.net\/profile\/Gheorghe-Mateescu&#8221; link_option_url_new_window=&#8221;on&#8221;][\/et_pb_team_member][\/et_pb_column][et_pb_column _builder_version=&#8221;4.20.2&#8243; _module_preset=&#8221;default&#8221; type=&#8221;1_5&#8243; theme_builder_area=&#8221;post_content&#8221;][et_pb_team_member name=&#8221;Alice-Ortansa MATEESCU&#8221; image_url=&#8221;http:\/\/www.itim-cj.ro\/graftid\/wp-content\/uploads\/2023\/03\/download.png&#8221; _builder_version=&#8221;4.20.2&#8243; _module_preset=&#8221;default&#8221; theme_builder_area=&#8221;post_content&#8221; text_orientation=&#8221;center&#8221; hover_enabled=&#8221;0&#8243; sticky_enabled=&#8221;0&#8243; title_text=&#8221;download&#8221; link_option_url=&#8221;https:\/\/www.nipne.ro\/consiliu_stiintific\/cv\/mateescu.pdf &#8221; link_option_url_new_window=&#8221;on&#8221;][\/et_pb_team_member][\/et_pb_column][et_pb_column _builder_version=&#8221;4.20.2&#8243; _module_preset=&#8221;default&#8221; type=&#8221;1_5&#8243; theme_builder_area=&#8221;post_content&#8221;][et_pb_team_member name=&#8221;Cristina BURDUCEA&#8221; image_url=&#8221;http:\/\/www.itim-cj.ro\/graftid\/wp-content\/uploads\/2023\/03\/Burducea-Cristina.jpg&#8221; _builder_version=&#8221;4.20.2&#8243; _module_preset=&#8221;default&#8221; theme_builder_area=&#8221;post_content&#8221; text_orientation=&#8221;center&#8221; hover_enabled=&#8221;0&#8243; sticky_enabled=&#8221;0&#8243; title_text=&#8221;Burducea-Cristina&#8221; link_option_url=&#8221;https:\/\/www.researchgate.net\/profile\/Cristina-Ionescu-5&#8243; link_option_url_new_window=&#8221;on&#8221;][\/et_pb_team_member][\/et_pb_column][et_pb_column _builder_version=&#8221;4.20.2&#8243; _module_preset=&#8221;default&#8221; type=&#8221;1_5&#8243; theme_builder_area=&#8221;post_content&#8221;][et_pb_team_member name=&#8221;Ion BURDUCEA&#8221; image_url=&#8221;http:\/\/www.itim-cj.ro\/graftid\/wp-content\/uploads\/2023\/03\/Burducea-Ion.jpg&#8221; _builder_version=&#8221;4.20.2&#8243; _module_preset=&#8221;default&#8221; theme_builder_area=&#8221;post_content&#8221; text_orientation=&#8221;center&#8221; hover_enabled=&#8221;0&#8243; sticky_enabled=&#8221;0&#8243; title_text=&#8221;Burducea-Ion&#8221; link_option_url=&#8221;https:\/\/www.researchgate.net\/profile\/Ion-Burducea&#8221; link_option_url_new_window=&#8221;on&#8221;][\/et_pb_team_member][\/et_pb_column][et_pb_column _builder_version=&#8221;4.20.2&#8243; _module_preset=&#8221;default&#8221; type=&#8221;1_5&#8243; theme_builder_area=&#8221;post_content&#8221;][et_pb_team_member name=&#8221;Paul Emil MEREUTA&#8221; image_url=&#8221;http:\/\/www.itim-cj.ro\/graftid\/wp-content\/uploads\/2023\/03\/download.png&#8221; _builder_version=&#8221;4.20.2&#8243; _module_preset=&#8221;default&#8221; theme_builder_area=&#8221;post_content&#8221; text_orientation=&#8221;center&#8221; hover_enabled=&#8221;0&#8243; sticky_enabled=&#8221;0&#8243; title_text=&#8221;download&#8221; link_option_url=&#8221;https:\/\/www.researchgate.net\/profile\/Paul-Mereuta&#8221; link_option_url_new_window=&#8221;on&#8221;][\/et_pb_team_member][\/et_pb_column][\/et_pb_row][\/et_pb_section]<\/p>\n","protected":false},"excerpt":{"rendered":"<p>TeamNational Institut for Research and Development of Isotopic and Molecular Technologies &#8211; INCDTIM Cluj-NapocaUniversity of South-Eastern Norway Horia Hulubei National Institute for Research and Development in Physics and Nuclear Engineering<\/p>\n","protected":false},"author":1,"featured_media":0,"parent":0,"menu_order":0,"comment_status":"closed","ping_status":"closed","template":"","meta":{"_et_pb_use_builder":"on","_et_pb_old_content":"","_et_gb_content_width":"","footnotes":""},"class_list":["post-41","page","type-page","status-publish","hentry"],"_links":{"self":[{"href":"https:\/\/www.itim-cj.ro\/graftid\/wp-json\/wp\/v2\/pages\/41","targetHints":{"allow":["GET"]}}],"collection":[{"href":"https:\/\/www.itim-cj.ro\/graftid\/wp-json\/wp\/v2\/pages"}],"about":[{"href":"https:\/\/www.itim-cj.ro\/graftid\/wp-json\/wp\/v2\/types\/page"}],"author":[{"embeddable":true,"href":"https:\/\/www.itim-cj.ro\/graftid\/wp-json\/wp\/v2\/users\/1"}],"replies":[{"embeddable":true,"href":"https:\/\/www.itim-cj.ro\/graftid\/wp-json\/wp\/v2\/comments?post=41"}],"version-history":[{"count":3,"href":"https:\/\/www.itim-cj.ro\/graftid\/wp-json\/wp\/v2\/pages\/41\/revisions"}],"predecessor-version":[{"id":63,"href":"https:\/\/www.itim-cj.ro\/graftid\/wp-json\/wp\/v2\/pages\/41\/revisions\/63"}],"wp:attachment":[{"href":"https:\/\/www.itim-cj.ro\/graftid\/wp-json\/wp\/v2\/media?parent=41"}],"curies":[{"name":"wp","href":"https:\/\/api.w.org\/{rel}","templated":true}]}}