{"id":18,"date":"2024-12-10T15:10:24","date_gmt":"2024-12-10T15:10:24","guid":{"rendered":"https:\/\/www.itim-cj.ro\/memoac\/?page_id=18"},"modified":"2024-12-10T15:10:25","modified_gmt":"2024-12-10T15:10:25","slug":"obiective","status":"publish","type":"page","link":"https:\/\/www.itim-cj.ro\/memoac\/obiective\/","title":{"rendered":"Obiective"},"content":{"rendered":"\n<p><strong>Obiectivul general<\/strong> al proiectului este ob\u021binerea de microemulsii pe baz\u0103 de extracte de plant\u0103 peren\u0103 (Sophora flavescens, Reynoutria sachalinensis \u0219i Rheum rhabarbarum) \u0219i utilizarea acestora \u00een bolile plantelor \u0219i combaterea insectelor la culturile de castrave\u021bi, tomate \u0219i pruni.<\/p>\n\n\n\n<p><strong>Obiectivele specifice:<\/strong><\/p>\n\n\n\n<p><strong>O1.<\/strong> Ob\u021binerea de extracte de plante perene cu o compozi\u021bie optim\u0103 de polifenoli, flavonoide, alcaloizi \u0219i activitate antioxidant\u0103 optim\u0103;<\/p>\n\n\n\n<p><strong>O2.<\/strong> Ob\u021binerea de microemulsii pe baz\u0103 de amestec de extracte de plante cu efecte sinergice \u0219i ulei de rapi\u021b\u0103; <strong>O3.<\/strong> Efectele de evaluare antifungice\/insecticide ale extractelor de plante obtinute asupra culturilor de castraveti, rosii si pruni.<\/p>\n\n\n\n<p><strong>O3.<\/strong> Efectele de evaluare antifungice\/insecticide ale extractelor de plante obtinute asupra culturilor de castraveti, rosii si pruni.<\/p>\n","protected":false},"excerpt":{"rendered":"<p>Obiectivul general al proiectului este ob\u021binerea de microemulsii pe baz\u0103 de extracte de plant\u0103 peren\u0103 (Sophora flavescens, Reynoutria sachalinensis \u0219i Rheum rhabarbarum) \u0219i utilizarea acestora \u00een bolile plantelor \u0219i combaterea [&hellip;]<\/p>\n","protected":false},"author":1,"featured_media":0,"parent":0,"menu_order":3,"comment_status":"closed","ping_status":"closed","template":"","meta":{"footnotes":""},"class_list":["post-18","page","type-page","status-publish","hentry"],"_links":{"self":[{"href":"https:\/\/www.itim-cj.ro\/memoac\/wp-json\/wp\/v2\/pages\/18","targetHints":{"allow":["GET"]}}],"collection":[{"href":"https:\/\/www.itim-cj.ro\/memoac\/wp-json\/wp\/v2\/pages"}],"about":[{"href":"https:\/\/www.itim-cj.ro\/memoac\/wp-json\/wp\/v2\/types\/page"}],"author":[{"embeddable":true,"href":"https:\/\/www.itim-cj.ro\/memoac\/wp-json\/wp\/v2\/users\/1"}],"replies":[{"embeddable":true,"href":"https:\/\/www.itim-cj.ro\/memoac\/wp-json\/wp\/v2\/comments?post=18"}],"version-history":[{"count":1,"href":"https:\/\/www.itim-cj.ro\/memoac\/wp-json\/wp\/v2\/pages\/18\/revisions"}],"predecessor-version":[{"id":19,"href":"https:\/\/www.itim-cj.ro\/memoac\/wp-json\/wp\/v2\/pages\/18\/revisions\/19"}],"wp:attachment":[{"href":"https:\/\/www.itim-cj.ro\/memoac\/wp-json\/wp\/v2\/media?parent=18"}],"curies":[{"name":"wp","href":"https:\/\/api.w.org\/{rel}","templated":true}]}}