{"id":11,"date":"2025-05-28T12:02:39","date_gmt":"2025-05-28T12:02:39","guid":{"rendered":"http:\/\/www.itim-cj.ro\/pocidif\/pnts\/?page_id=11"},"modified":"2026-03-24T13:33:11","modified_gmt":"2026-03-24T13:33:11","slug":"acasa","status":"publish","type":"page","link":"https:\/\/www.itim-cj.ro\/pocidif\/pnts\/","title":{"rendered":"Acas\u0103"},"content":{"rendered":"<p>[et_pb_section fb_built=&#8221;1&#8243; _builder_version=&#8221;4.22.1&#8243; _module_preset=&#8221;default&#8221; background_color=&#8221;#0C71C3&#8243; custom_padding=&#8221;61px||44px|||&#8221; global_colors_info=&#8221;{}&#8221;][et_pb_row _builder_version=&#8221;4.27.4&#8243; _module_preset=&#8221;default&#8221; global_colors_info=&#8221;{}&#8221;][et_pb_column type=&#8221;4_4&#8243; _builder_version=&#8221;4.27.4&#8243; _module_preset=&#8221;default&#8221; global_colors_info=&#8221;{}&#8221;][et_pb_text _builder_version=&#8221;4.27.4&#8243; _module_preset=&#8221;default&#8221; background_layout=&#8221;dark&#8221; global_colors_info=&#8221;{}&#8221;]<\/p>\n<h2>INCDTIM partener \u00een implementarea proiectului<\/h2>\n<p>[\/et_pb_text][\/et_pb_column][\/et_pb_row][et_pb_row _builder_version=&#8221;4.27.4&#8243; _module_preset=&#8221;default&#8221; global_colors_info=&#8221;{}&#8221;][et_pb_column type=&#8221;4_4&#8243; _builder_version=&#8221;4.27.4&#8243; _module_preset=&#8221;default&#8221; global_colors_info=&#8221;{}&#8221;][et_pb_text _builder_version=&#8221;4.27.4&#8243; _module_preset=&#8221;default&#8221; header_line_height=&#8221;2em&#8221; background_layout=&#8221;dark&#8221; global_colors_info=&#8221;{}&#8221;]<\/p>\n<h1 style=\"text-align: center;\"><strong>Platform\u0103 Na\u021bional\u0103 pentru Tehnologiile Semiconductorilor (PNTS)<\/strong><\/h1>\n<h2 style=\"text-align: center;\"><strong>Cod SMIS 2021+ 351364 (fost 304244)<\/strong><\/h2>\n<p>[\/et_pb_text][\/et_pb_column][\/et_pb_row][\/et_pb_section][et_pb_section fb_built=&#8221;1&#8243; module_id=&#8221;despreproiect&#8221; _builder_version=&#8221;4.20.4&#8243; _module_preset=&#8221;default&#8221; global_colors_info=&#8221;{}&#8221;][et_pb_row _builder_version=&#8221;4.22.1&#8243; _module_preset=&#8221;default&#8221; global_colors_info=&#8221;{}&#8221;][et_pb_column type=&#8221;4_4&#8243; _builder_version=&#8221;4.22.1&#8243; _module_preset=&#8221;default&#8221; global_colors_info=&#8221;{}&#8221;][et_pb_text _builder_version=&#8221;4.27.4&#8243; _module_preset=&#8221;default&#8221; header_3_text_color=&#8221;#0088cc&#8221; header_3_font_size=&#8221;26px&#8221; global_colors_info=&#8221;{}&#8221;]<\/p>\n<p><span style=\"color: #0c71c3;\"><strong>Contract de finan\u021bare nr: <\/strong><\/span><strong>G 2024-85828\/390008\/27.11.2024<\/strong>, AAd 1\/01.10.2025.<\/p>\n<p><strong>Axa prioritar\u0103:<\/strong> 1. Cercetare, dezvoltare tehnologic\u0103 \u0219i inovare (CDI) \u00een sprijinul competitivit\u0103\u021bii economice \u0219i dezvolt\u0103rii afacerilor<br \/><strong>Prioritate de investi\u021bie:<\/strong> Prioritatea 4 \u2013 Dezvoltarea de tehnologii strategice pentru Europa \u2013 STEP<br \/><strong>Ac\u021biune:<\/strong> Ac\u021biunea 4.1 \u2013 Sprijin pentru dezvoltarea de tehnologii strategice pentru Europa \u2013 STEP<\/p>\n<p><strong><span style=\"color: #0c71c3;\">Coordonator \/ Lider: <\/span><\/strong><span style=\"color: #0c71c3;\"><\/span><strong><a href=\"https:\/\/www.imt.ro\/PNTS\/\" target=\"_blank\" rel=\"noopener\">Institutul Na\u021bional de Cercetare-Dezvoltare pentru Microtehnologie \u2013 IMT Bucure\u0219ti (IMT)<\/a><\/strong><\/p>\n<p><strong><span style=\"color: #0c71c3;\">Partener P6: <span style=\"color: #000000;\"><a href=\"https:\/\/ro.itim-cj.ro\/\" target=\"_blank\" rel=\"noopener\">Institutul Na\u021bional de Cercetare-Dezvoltare pentru Tehnologii Izotopice \u0219i Moleculare &#8211; INCDTIM Cluj-Napoca<\/a><\/span><\/span><\/strong><\/p>\n<p><strong><span style=\"color: #0c71c3;\">Responsabil proiect:<\/span> <a href=\"https:\/\/ro.itim-cj.ro\/portfolio\/dr-surducan-emanoil\/\" target=\"_blank\" rel=\"noopener\">Dr. Ing. Emanoil Surducan<\/a><\/strong><\/p>\n<p><strong><span style=\"color: #0c71c3;\">Valoare total\u0103 proiect: <\/span>649.319.158,14 lei, din care <span style=\"color: #0c71c3;\">valoarea finan\u021bat\u0103 de UE <\/span>617.361.467,01 lei \u0219i 25.597.940,18 lei cofinan\u021bare eligibil\u0103.<\/strong><strong><span style=\"color: #0c71c3;\"><br \/>Valoare P6-INCDTIM:<\/span><\/strong><span style=\"color: #0c71c3;\"> <\/span><strong>47.779.452,27 lei.<\/strong><\/p>\n<p><strong><span style=\"color: #0c71c3;\">Perioada de derulare:<\/span> 27.11.2024 \u2013 26.11.2029<\/strong><\/p>\n<p>[\/et_pb_text][\/et_pb_column][\/et_pb_row][\/et_pb_section][et_pb_section fb_built=&#8221;1&#8243; module_id=&#8221;obiective&#8221; _builder_version=&#8221;4.20.4&#8243; _module_preset=&#8221;default&#8221; background_color=&#8221;#0C71C3&#8243; global_colors_info=&#8221;{}&#8221;][et_pb_row _builder_version=&#8221;4.22.1&#8243; _module_preset=&#8221;default&#8221; global_colors_info=&#8221;{}&#8221;][et_pb_column type=&#8221;4_4&#8243; _builder_version=&#8221;4.22.1&#8243; _module_preset=&#8221;default&#8221; global_colors_info=&#8221;{}&#8221;][et_pb_text _builder_version=&#8221;4.27.4&#8243; _module_preset=&#8221;default&#8221; header_3_text_align=&#8221;left&#8221; header_3_text_color=&#8221;#FFFFFF&#8221; header_3_font_size=&#8221;30px&#8221; global_colors_info=&#8221;{}&#8221;]<\/p>\n<h3><strong>Obiectiv General<\/strong><\/h3>\n<p>[\/et_pb_text][\/et_pb_column][\/et_pb_row][et_pb_row _builder_version=&#8221;4.22.1&#8243; _module_preset=&#8221;default&#8221; global_colors_info=&#8221;{}&#8221;][et_pb_column type=&#8221;4_4&#8243; _builder_version=&#8221;4.22.1&#8243; _module_preset=&#8221;default&#8221; global_colors_info=&#8221;{}&#8221;][et_pb_text _builder_version=&#8221;4.27.4&#8243; _module_preset=&#8221;default&#8221; text_font=&#8221;||||||||&#8221; text_text_color=&#8221;#FFFFFF&#8221; text_line_height=&#8221;2em&#8221; global_colors_info=&#8221;{}&#8221;]<\/p>\n<p><strong>Revitalizarea ecosistemului na\u021bional \u00een domeniul tehnologiilor semiconductorilor<\/strong><strong>, cu accent pe cercetare-dezvoltare, inovare \u0219i transfer tehnologic asociate lan\u021bului valoric al semiconductorilor (LVS), care sa conduc\u0103 la realizarea de produse \u0219i servicii inovative, cu impact economic \u0219i societal.\u00a0\u00a0<\/strong><\/p>\n<p><a href=\"http:\/\/www.itim-cj.ro\/pocidif\/pnts\/obiective\/\">Detalieri<\/a><\/p>\n<p>[\/et_pb_text][\/et_pb_column][\/et_pb_row][\/et_pb_section][et_pb_section fb_built=&#8221;1&#8243; module_id=&#8221;echipa&#8221; _builder_version=&#8221;4.20.4&#8243; _module_preset=&#8221;default&#8221; global_colors_info=&#8221;{}&#8221; custom_padding=&#8221;||26px|||&#8221;][et_pb_row _builder_version=&#8221;4.22.1&#8243; _module_preset=&#8221;default&#8221; global_colors_info=&#8221;{}&#8221; column_structure=&#8221;1_2,1_2&#8243;][et_pb_column type=&#8221;1_2&#8243; _builder_version=&#8221;4.22.1&#8243; _module_preset=&#8221;default&#8221; global_colors_info=&#8221;{}&#8221;][et_pb_text _builder_version=&#8221;4.27.6&#8243; _module_preset=&#8221;default&#8221; header_3_text_align=&#8221;left&#8221; header_3_text_color=&#8221;#0088cc&#8221; header_3_font_size=&#8221;26px&#8221; hover_enabled=&#8221;0&#8243; global_colors_info=&#8221;{}&#8221; sticky_enabled=&#8221;0&#8243; link_option_url=&#8221;http:\/\/www.itim-cj.ro\/pocidif\/pnts\/echipa-de-management\/&#8221;]<\/p>\n<table style=\"width: 90%; border-collapse: collapse;\" border=\"0\" cellspacing=\"0\" cellpadding=\"0\">\n<tbody>\n<tr>\n<td style=\"width: 30%;\"><img loading=\"lazy\" decoding=\"async\" src=\"http:\/\/www.itim-cj.ro\/pocidif\/pnts\/wp-content\/uploads\/2026\/03\/team-management.png\" width=\"128\" height=\"128\" \/><\/td>\n<td style=\"width: 70%;\">\n<h3><strong>Echipa de <\/strong><\/h3>\n<h3><strong>management<\/strong><\/h3>\n<\/td>\n<\/tr>\n<\/tbody>\n<\/table>\n<p>[\/et_pb_text][\/et_pb_column][et_pb_column type=&#8221;1_2&#8243; _builder_version=&#8221;4.22.1&#8243; _module_preset=&#8221;default&#8221; global_colors_info=&#8221;{}&#8221;][et_pb_text _builder_version=&#8221;4.27.6&#8243; _module_preset=&#8221;default&#8221; header_3_text_align=&#8221;left&#8221; header_3_text_color=&#8221;#0088cc&#8221; header_3_font_size=&#8221;26px&#8221; hover_enabled=&#8221;0&#8243; global_colors_info=&#8221;{}&#8221; sticky_enabled=&#8221;0&#8243; link_option_url=&#8221;http:\/\/www.itim-cj.ro\/pocidif\/pnts\/echipa-de-implementare\/&#8221;]<\/p>\n<table style=\"border-collapse: collapse; width: 100%;\" border=\"0\">\n<tbody>\n<tr>\n<td style=\"width: 30%;\"><img loading=\"lazy\" decoding=\"async\" src=\"http:\/\/www.itim-cj.ro\/pocidif\/pnts\/wp-content\/uploads\/2026\/03\/research-group.png\" width=\"128\" height=\"128\" alt=\"\" class=\"wp-image-189 alignnone size-full\" \/><\/td>\n<td style=\"width: 70%;\">\n<h3><strong>Echipa de <\/strong><\/h3>\n<h3><strong>implementare<\/strong><\/h3>\n<\/td>\n<\/tr>\n<\/tbody>\n<\/table>\n<h3><\/h3>\n<p>[\/et_pb_text][\/et_pb_column][\/et_pb_row][\/et_pb_section][et_pb_section fb_built=&#8221;1&#8243; module_id=&#8221;rezultate&#8221; _builder_version=&#8221;4.20.4&#8243; _module_preset=&#8221;default&#8221; background_color=&#8221;#0C71C3&#8243; global_colors_info=&#8221;{}&#8221;][et_pb_row _builder_version=&#8221;4.22.1&#8243; _module_preset=&#8221;default&#8221; global_colors_info=&#8221;{}&#8221;][et_pb_column type=&#8221;4_4&#8243; _builder_version=&#8221;4.22.1&#8243; _module_preset=&#8221;default&#8221; global_colors_info=&#8221;{}&#8221;][et_pb_text _builder_version=&#8221;4.20.4&#8243; _module_preset=&#8221;default&#8221; header_3_text_align=&#8221;left&#8221; header_3_text_color=&#8221;#FFFFFF&#8221; header_3_font_size=&#8221;30px&#8221; background_layout=&#8221;dark&#8221; global_colors_info=&#8221;{}&#8221;]<\/p>\n<h3><strong>Rezultate<\/strong><\/h3>\n<p>Ca rezultat al implement\u0103rii proiectului PNTS, infrastructurile de cercetare \u0219i tehnologice distribuite vor putea asigura \u00een mod eficient acoperirea lan\u021bului valoric al semiconductorilor, implementarea proiectelor industrial-academice, oferirea de servicii de cuno\u0219tin\u021be \u0219i tehnologice, desf\u0103\u0219urarea de activit\u0103\u021bi de microproduc\u021bie, precum \u0219i derularea de programe educa\u021bionale \u0219i de formare.<\/p>\n<p>&nbsp;<\/p>\n<p>[\/et_pb_text][\/et_pb_column][\/et_pb_row][\/et_pb_section][et_pb_section fb_built=&#8221;1&#8243; module_id=&#8221;contact&#8221; _builder_version=&#8221;4.20.4&#8243; _module_preset=&#8221;default&#8221; background_color=&#8221;#08418c&#8221; global_colors_info=&#8221;{}&#8221;][et_pb_row column_structure=&#8221;1_2,1_2&#8243; _builder_version=&#8221;4.22.1&#8243; _module_preset=&#8221;default&#8221; global_colors_info=&#8221;{}&#8221;][et_pb_column type=&#8221;1_2&#8243; _builder_version=&#8221;4.22.1&#8243; _module_preset=&#8221;default&#8221; global_colors_info=&#8221;{}&#8221;][et_pb_text _builder_version=&#8221;4.22.1&#8243; _module_preset=&#8221;default&#8221; text_text_color=&#8221;#FFFFFF&#8221; header_3_text_align=&#8221;left&#8221; header_3_text_color=&#8221;#FFFFFF&#8221; header_3_font_size=&#8221;26px&#8221; global_colors_info=&#8221;{}&#8221;]<\/p>\n<h3><strong>Contact<\/strong><\/h3>\n<p>[\/et_pb_text][et_pb_text _builder_version=&#8221;4.20.4&#8243; _module_preset=&#8221;default&#8221; text_text_color=&#8221;#FFFFFF&#8221; global_colors_info=&#8221;{}&#8221;]<\/p>\n<p><img decoding=\"async\" src=\"http:\/\/www.itim-cj.ro\/pocidif\/pnts\/wp-content\/uploads\/2025\/05\/location.png\" alt=\"\" style=\"float: left; margin-right: 1rem;\" \/>Institutul Na\u021bional de Cercetare-Dezvoltare pentru Tehnologii Izotopice \u0219i Moleculare &#8211; INCDTIM Cluj-Napoca<\/p>\n<p style=\"padding-left: 40px;\">Str. Donat nr. 67-103 , 400293 Cluj-Napoca, Romania<\/p>\n<p><img decoding=\"async\" src=\"http:\/\/www.itim-cj.ro\/pocidif\/pnts\/wp-content\/uploads\/2025\/05\/phone.png\" alt=\"\" style=\"float: left; margin-right: 1rem;\" \/>+40 264 584037<\/p>\n<p><img decoding=\"async\" src=\"http:\/\/www.itim-cj.ro\/pocidif\/pnts\/wp-content\/uploads\/2025\/05\/email.png\" alt=\"\" style=\"float: left; margin-right: 1rem;\" \/>itim@itim-cj.ro<\/p>\n<p>[\/et_pb_text][\/et_pb_column][et_pb_column type=&#8221;1_2&#8243; _builder_version=&#8221;4.22.1&#8243; _module_preset=&#8221;default&#8221; global_colors_info=&#8221;{}&#8221;][et_pb_image src=&#8221;http:\/\/www.itim-cj.ro\/pocidif\/pnts\/wp-content\/uploads\/2025\/05\/locatie.jpg&#8221; title_text=&#8221;locatie&#8221; _builder_version=&#8221;4.27.0&#8243; _module_preset=&#8221;default&#8221; global_colors_info=&#8221;{}&#8221;][\/et_pb_image][\/et_pb_column][\/et_pb_row][\/et_pb_section][et_pb_section fb_built=&#8221;1&#8243; _builder_version=&#8221;4.22.1&#8243; _module_preset=&#8221;default&#8221; custom_padding=&#8221;5px||7px|||&#8221; global_colors_info=&#8221;{}&#8221;][et_pb_row _builder_version=&#8221;4.22.1&#8243; _module_preset=&#8221;default&#8221; custom_padding=&#8221;||0px|||&#8221; global_colors_info=&#8221;{}&#8221;][et_pb_column type=&#8221;4_4&#8243; _builder_version=&#8221;4.22.1&#8243; _module_preset=&#8221;default&#8221; global_colors_info=&#8221;{}&#8221;][et_pb_text _builder_version=&#8221;4.20.4&#8243; _module_preset=&#8221;default&#8221; text_font=&#8221;Poppins||||||||&#8221; global_colors_info=&#8221;{}&#8221;]<\/p>\n<p style=\"text-align: center;\"><span style=\"color: #1e4692;\">\u201cCon\u021binutul acestui material nu reprezint\u0103 \u00een mod obligatoriu pozi\u021bia oficial\u0103 a Uniunii Europene sau a Guvernului Rom\u00e2niei\u201d<\/span><\/p>\n<p>[\/et_pb_text][et_pb_text _builder_version=&#8221;4.27.4&#8243; _module_preset=&#8221;default&#8221; text_font=&#8221;Poppins||||||||&#8221; custom_margin=&#8221;-16px|||||&#8221; global_colors_info=&#8221;{}&#8221;]<\/p>\n<p style=\"text-align: center;\"><span style=\"color: #1e4692;\">Pentru informa\u021bii detaliate despre celelalte programe cofinan\u021bate de Uniunea European\u0103, v\u0103 invit\u0103m s\u0103 vizita\u021bi <a href=\"https:\/\/www.fonduri-ue.ro\/\" target=\"_blank\" rel=\"noopener\">www.fonduri-ue.ro<\/a><br \/><\/span><\/p>\n<p>[\/et_pb_text][\/et_pb_column][\/et_pb_row][\/et_pb_section]<\/p>\n","protected":false},"excerpt":{"rendered":"<p>INCDTIM partener \u00een implementarea proiectuluiPlatform\u0103 Na\u021bional\u0103 pentru Tehnologiile Semiconductorilor (PNTS) Cod SMIS 2021+ 351364 (fost 304244)Contract de finan\u021bare nr: G 2024-85828\/390008\/27.11.2024, AAd 1\/01.10.2025. Axa prioritar\u0103: 1. Cercetare, dezvoltare tehnologic\u0103 \u0219i inovare (CDI) \u00een sprijinul competitivit\u0103\u021bii economice \u0219i dezvolt\u0103rii afacerilorPrioritate de investi\u021bie: Prioritatea 4 \u2013 Dezvoltarea de tehnologii strategice pentru Europa \u2013 STEPAc\u021biune: Ac\u021biunea 4.1 \u2013 [&hellip;]<\/p>\n","protected":false},"author":1,"featured_media":0,"parent":0,"menu_order":0,"comment_status":"closed","ping_status":"closed","template":"","meta":{"_et_pb_use_builder":"on","_et_pb_old_content":"","_et_gb_content_width":"","footnotes":""},"class_list":["post-11","page","type-page","status-publish","hentry"],"_links":{"self":[{"href":"https:\/\/www.itim-cj.ro\/pocidif\/pnts\/wp-json\/wp\/v2\/pages\/11","targetHints":{"allow":["GET"]}}],"collection":[{"href":"https:\/\/www.itim-cj.ro\/pocidif\/pnts\/wp-json\/wp\/v2\/pages"}],"about":[{"href":"https:\/\/www.itim-cj.ro\/pocidif\/pnts\/wp-json\/wp\/v2\/types\/page"}],"author":[{"embeddable":true,"href":"https:\/\/www.itim-cj.ro\/pocidif\/pnts\/wp-json\/wp\/v2\/users\/1"}],"replies":[{"embeddable":true,"href":"https:\/\/www.itim-cj.ro\/pocidif\/pnts\/wp-json\/wp\/v2\/comments?post=11"}],"version-history":[{"count":28,"href":"https:\/\/www.itim-cj.ro\/pocidif\/pnts\/wp-json\/wp\/v2\/pages\/11\/revisions"}],"predecessor-version":[{"id":192,"href":"https:\/\/www.itim-cj.ro\/pocidif\/pnts\/wp-json\/wp\/v2\/pages\/11\/revisions\/192"}],"wp:attachment":[{"href":"https:\/\/www.itim-cj.ro\/pocidif\/pnts\/wp-json\/wp\/v2\/media?parent=11"}],"curies":[{"name":"wp","href":"https:\/\/api.w.org\/{rel}","templated":true}]}}