{"id":29,"date":"2026-04-16T07:56:21","date_gmt":"2026-04-16T07:56:21","guid":{"rendered":"https:\/\/www.itim-cj.ro\/pocidif\/resilfood\/?page_id=29"},"modified":"2026-05-04T07:51:17","modified_gmt":"2026-05-04T07:51:17","slug":"parteneri","status":"publish","type":"page","link":"https:\/\/www.itim-cj.ro\/pocidif\/resilfood\/parteneri\/","title":{"rendered":"Parteneri"},"content":{"rendered":"<p>[et_pb_section fb_built=&#8221;1&#8243; _builder_version=&#8221;4.27.6&#8243; _module_preset=&#8221;default&#8221; background_image=&#8221;https:\/\/www.itim-cj.ro\/pocidif\/resilfood\/wp-content\/uploads\/2026\/04\/branzeturi.jpg&#8221; custom_padding=&#8221;122px||83px|||&#8221; global_colors_info=&#8221;{}&#8221;][et_pb_row _builder_version=&#8221;4.27.6&#8243; _module_preset=&#8221;default&#8221; global_colors_info=&#8221;{}&#8221;][et_pb_column type=&#8221;4_4&#8243; _builder_version=&#8221;4.27.6&#8243; _module_preset=&#8221;default&#8221; global_colors_info=&#8221;{}&#8221;][et_pb_text _builder_version=&#8221;4.27.6&#8243; _module_preset=&#8221;default&#8221; header_text_align=&#8221;center&#8221; header_text_color=&#8221;#FFFFFF&#8221; global_colors_info=&#8221;{}&#8221;]<\/p>\n<h1>Parteneri<\/h1>\n<p>[\/et_pb_text][\/et_pb_column][\/et_pb_row][\/et_pb_section][et_pb_section fb_built=&#8221;1&#8243; _builder_version=&#8221;4.27.6&#8243; _module_preset=&#8221;default&#8221; custom_padding=&#8221;55px|||||&#8221; custom_css_main_element=&#8221;\/* ===== PARTNER CARD ===== *\/||.partner-row {||  display: flex;||  align-items: center;||  gap: 30px;||  padding: 30px;||  background: #ffffff;||  border-radius: 14px;||  box-shadow: 0 10px 25px rgba(0,0,0,0.06);||  margin-bottom: 30px;||  transition: all 0.3s ease;||}||||.partner-row:hover {||  transform: translateY(-4px);||  box-shadow: 0 20px 40px rgba(0,0,0,0.1);||}||||\/* ===== LOGO ===== *\/||.partner-logo {||  display: flex;||  align-items: flex-start;||  padding-top: 10px;||  justify-content: center;||   height: 100%;||}||||.partner-logo img {||  max-width: 170px;||  max-height: 110px;||  object-fit: contain;||}||||\/* ===== TEXT ===== *\/||.partner-content h4 {||  font-size: 18px;||  margin-bottom: 5px;||  color: #2c2c2c;||}||||.partner-content .partner-role {||  font-size: 13px;||  color: #3f7f4f;||  font-weight: 600;||  margin-bottom: 10px;||}||||\/* ===== DESCRIPTION ===== *\/||.partner-content p {||  font-size: 14px;||  color: #555;||  margin-bottom: 12px;||}||||\/* ===== CONTACT ===== *\/||.partner-contact {||  font-size: 14px;||  line-height: 1;||}||||.partner-contact span {||  display: block;||  margin-bottom: 4px;||}||||\/* ===== ICON COLOR ===== *\/||.partner-contact i {||  color: #3f7f4f;||  margin-right: 6px;||}||||\/* ===== MOBILE ===== *\/||@media (max-width: 768px) {||  .partner-row {||    flex-direction: column;||    text-align: center;||  }||}||.coordonator {||   border-left: 5px solid #3f7f4f;||  padding-left: 25px;||  border-radius: 12px;||}||.partner-content {||  max-width: 700px;||}||.partner-role {||  display: inline-block;||  background: #e6f2ea;||   color: #2f6e45;||  font-weight: 600;||  padding: 4px 10px;||  border-radius: 20px;||  font-size: 14px;||  margin-bottom: 8px;||}||.partner-row:hover .partner-logo img {||  transform: scale(1.05);||}||.partner-logo img {||  transition: 0.3s;||}&#8221; global_colors_info=&#8221;{}&#8221;][et_pb_row column_structure=&#8221;1_4,3_4&#8243; module_class=&#8221;partner-row coordonator&#8221; _builder_version=&#8221;4.27.6&#8243; _module_preset=&#8221;default&#8221; global_colors_info=&#8221;{}&#8221;][et_pb_column type=&#8221;1_4&#8243; _builder_version=&#8221;4.27.6&#8243; _module_preset=&#8221;default&#8221; global_colors_info=&#8221;{}&#8221;][et_pb_image src=&#8221;https:\/\/www.itim-cj.ro\/pocidif\/resilfood\/wp-content\/uploads\/2026\/04\/Sigla-INCDTIM.png&#8221; title_text=&#8221;Sigla-INCDTIM&#8221; module_class=&#8221;partner-logo&#8221; _builder_version=&#8221;4.27.6&#8243; _module_preset=&#8221;default&#8221; global_colors_info=&#8221;{}&#8221;][\/et_pb_image][\/et_pb_column][et_pb_column type=&#8221;3_4&#8243; _builder_version=&#8221;4.27.6&#8243; _module_preset=&#8221;default&#8221; global_colors_info=&#8221;{}&#8221;][et_pb_text _builder_version=&#8221;4.27.6&#8243; _module_preset=&#8221;default&#8221; header_4_line_height=&#8221;1.5em&#8221; hover_enabled=&#8221;0&#8243; global_colors_info=&#8221;{}&#8221; sticky_enabled=&#8221;0&#8243;]<\/p>\n<div class=\"partner-content\">\n<div class=\"partner-role\">P1 &#8211; Coordonator<\/div>\n<h4>Institutul Na\u021bional de Cercetare-Dezvoltare pentru Tehnologii Izotopice \u0219i Moleculare &#8211; INCDTIM Cluj-Napoca<\/h4>\n<p>\u00a0<span>\ud83d\udccd Str. Donat nr. 67-103, Cluj-Napoca 400293 Rom\u00e2nia<\/span><br \/><span>\ud83c\udf10 <a href=\"https:\/\/ro.itim-cj.ro\/\" target=\"_blank\" rel=\"noopener\">www.itim-cj.ro<\/a><\/span><br \/><span>\u2709\ufe0f itim@itim-cj.ro<\/span><br \/><span>\ud83d\udcde +40 264 58 40 37<\/span><\/p>\n<\/div>\n<p>[\/et_pb_text][\/et_pb_column][\/et_pb_row][et_pb_row column_structure=&#8221;1_4,3_4&#8243; module_class=&#8221;partner-row&#8221; _builder_version=&#8221;4.27.6&#8243; _module_preset=&#8221;default&#8221; global_colors_info=&#8221;{}&#8221;][et_pb_column type=&#8221;1_4&#8243; _builder_version=&#8221;4.27.6&#8243; _module_preset=&#8221;default&#8221; global_colors_info=&#8221;{}&#8221;][et_pb_image src=&#8221;https:\/\/www.itim-cj.ro\/pocidif\/resilfood\/wp-content\/uploads\/2026\/04\/AgroTransilvania_logo_01.png&#8221; title_text=&#8221;AgroTransilvania_logo_01&#8243; module_class=&#8221;partner-logo&#8221; _builder_version=&#8221;4.27.6&#8243; _module_preset=&#8221;default&#8221; global_colors_info=&#8221;{}&#8221;][\/et_pb_image][\/et_pb_column][et_pb_column type=&#8221;3_4&#8243; _builder_version=&#8221;4.27.6&#8243; _module_preset=&#8221;default&#8221; global_colors_info=&#8221;{}&#8221;][et_pb_text _builder_version=&#8221;4.27.6&#8243; _module_preset=&#8221;default&#8221; header_4_line_height=&#8221;1.5em&#8221; hover_enabled=&#8221;0&#8243; global_colors_info=&#8221;{}&#8221; sticky_enabled=&#8221;0&#8243;]<\/p>\n<div class=\"partner-content\">\n<div class=\"partner-role\">P2<\/div>\n<h4>ASOCIA\u021aIA CLUSTERUL AGRO \u2013 FOOD \u2013 IND NAPOCA<\/h4>\n<p>\u00a0<span>\ud83d\udccd Sat Dezmir, Comuna Apahida<\/span><br \/><span>\ud83c\udf10 <a href=\"https:\/\/agrocluster.ro\/\" target=\"_blank\" rel=\"noopener\">www.agrocluster.ro<\/a><\/span><br \/><span>\u2709\ufe0f office@agrocluster.ro<\/span><\/p>\n<\/div>\n<p>[\/et_pb_text][\/et_pb_column][\/et_pb_row][et_pb_row column_structure=&#8221;1_4,3_4&#8243; module_class=&#8221;partner-row&#8221; _builder_version=&#8221;4.27.6&#8243; _module_preset=&#8221;default&#8221; global_colors_info=&#8221;{}&#8221;][et_pb_column type=&#8221;1_4&#8243; _builder_version=&#8221;4.27.6&#8243; _module_preset=&#8221;default&#8221; global_colors_info=&#8221;{}&#8221;][et_pb_image src=&#8221;https:\/\/www.itim-cj.ro\/pocidif\/resilfood\/wp-content\/uploads\/2026\/04\/Parapet-logo.png&#8221; title_text=&#8221;Parapet-logo&#8221; module_class=&#8221;partner-logo&#8221; _builder_version=&#8221;4.27.6&#8243; _module_preset=&#8221;default&#8221; global_colors_info=&#8221;{}&#8221;][\/et_pb_image][\/et_pb_column][et_pb_column type=&#8221;3_4&#8243; _builder_version=&#8221;4.27.6&#8243; _module_preset=&#8221;default&#8221; global_colors_info=&#8221;{}&#8221;][et_pb_text _builder_version=&#8221;4.27.6&#8243; _module_preset=&#8221;default&#8221; header_4_line_height=&#8221;1.5em&#8221; hover_enabled=&#8221;0&#8243; global_colors_info=&#8221;{}&#8221; sticky_enabled=&#8221;0&#8243;]<\/p>\n<div class=\"partner-content\">\n<div class=\"partner-role\">P3<\/div>\n<h4>PRODFER CONSTRUCT S.R.L.<\/h4>\n<p>\u00a0<span>\ud83d\udccd Tiberiu Popoviciu 6, Cl\u0103direa Team, Etaj II, Cluj-Napoca 400647 Rom\u00e2nia<\/span><br \/><span>\ud83c\udf10 <a href=\"https:\/\/parapet.ro\/\" target=\"_blank\" rel=\"noopener\">www.parapet.ro<\/a><\/span><br \/><span>\u2709\ufe0f office@parapet.ro<\/span><br \/><span>\ud83d\udcde +40 371 372 277<\/span><\/p>\n<\/div>\n<p>[\/et_pb_text][\/et_pb_column][\/et_pb_row][et_pb_row column_structure=&#8221;1_4,3_4&#8243; module_class=&#8221;partner-row&#8221; _builder_version=&#8221;4.27.6&#8243; _module_preset=&#8221;default&#8221; global_colors_info=&#8221;{}&#8221;][et_pb_column type=&#8221;1_4&#8243; _builder_version=&#8221;4.27.6&#8243; _module_preset=&#8221;default&#8221; global_colors_info=&#8221;{}&#8221;][et_pb_image src=&#8221;https:\/\/www.itim-cj.ro\/pocidif\/resilfood\/wp-content\/uploads\/2026\/04\/Agramia.png&#8221; title_text=&#8221;Agramia&#8221; module_class=&#8221;partner-logo&#8221; _builder_version=&#8221;4.27.6&#8243; _module_preset=&#8221;default&#8221; global_colors_info=&#8221;{}&#8221;][\/et_pb_image][\/et_pb_column][et_pb_column type=&#8221;3_4&#8243; _builder_version=&#8221;4.27.6&#8243; _module_preset=&#8221;default&#8221; global_colors_info=&#8221;{}&#8221;][et_pb_text _builder_version=&#8221;4.27.6&#8243; _module_preset=&#8221;default&#8221; header_4_line_height=&#8221;1.5em&#8221; hover_enabled=&#8221;0&#8243; global_colors_info=&#8221;{}&#8221; sticky_enabled=&#8221;0&#8243;]<\/p>\n<div class=\"partner-content\">\n<div class=\"partner-role\">P4<\/div>\n<h4>AGRAMIA S.R.L.<\/h4>\n<p>\u00a0<span>\ud83d\udccd Str. Antim Ivireanu 42, Cluj-Napoca<\/span><br \/><span>\ud83d\udcde +40 724*****<\/span><\/p>\n<\/div>\n<p>[\/et_pb_text][\/et_pb_column][\/et_pb_row][et_pb_row column_structure=&#8221;1_4,3_4&#8243; module_class=&#8221;partner-row&#8221; _builder_version=&#8221;4.27.6&#8243; _module_preset=&#8221;default&#8221; global_colors_info=&#8221;{}&#8221;][et_pb_column type=&#8221;1_4&#8243; _builder_version=&#8221;4.27.6&#8243; _module_preset=&#8221;default&#8221; global_colors_info=&#8221;{}&#8221;][et_pb_image src=&#8221;https:\/\/www.itim-cj.ro\/pocidif\/resilfood\/wp-content\/uploads\/2026\/04\/logo-renergia.webp&#8221; title_text=&#8221;logo-renergia&#8221; module_class=&#8221;partner-logo&#8221; _builder_version=&#8221;4.27.6&#8243; _module_preset=&#8221;default&#8221; global_colors_info=&#8221;{}&#8221;][\/et_pb_image][\/et_pb_column][et_pb_column type=&#8221;3_4&#8243; _builder_version=&#8221;4.27.6&#8243; _module_preset=&#8221;default&#8221; global_colors_info=&#8221;{}&#8221;][et_pb_text _builder_version=&#8221;4.27.6&#8243; _module_preset=&#8221;default&#8221; header_4_line_height=&#8221;1.5em&#8221; hover_enabled=&#8221;0&#8243; global_colors_info=&#8221;{}&#8221; sticky_enabled=&#8221;0&#8243;]<\/p>\n<div class=\"partner-content\">\n<div class=\"partner-role\">P5<\/div>\n<h4>ENERGY ADVISOR S.R.L.<\/h4>\n<p>\u00a0<span>\ud83d\udccd Cluj-Napoca<\/span><br \/><span>\ud83c\udf10 <a href=\"https:\/\/renergia.ro\/\" target=\"_blank\" rel=\"noopener\">www.renergia.ro<\/a><\/span><br \/><span>\u2709\ufe0f contact@renergia.ro<\/span><br \/><span>\ud83d\udcde +40 744 118 234<\/span><\/p>\n<\/div>\n<p>[\/et_pb_text][\/et_pb_column][\/et_pb_row][et_pb_row column_structure=&#8221;1_4,3_4&#8243; module_class=&#8221;partner-row&#8221; _builder_version=&#8221;4.27.6&#8243; _module_preset=&#8221;default&#8221; global_colors_info=&#8221;{}&#8221;][et_pb_column type=&#8221;1_4&#8243; _builder_version=&#8221;4.27.6&#8243; _module_preset=&#8221;default&#8221; global_colors_info=&#8221;{}&#8221;][et_pb_image src=&#8221;https:\/\/www.itim-cj.ro\/pocidif\/resilfood\/wp-content\/uploads\/2026\/04\/Ferma-cu-Omenie-logo.png&#8221; title_text=&#8221;Ferma-cu-Omenie-logo&#8221; module_class=&#8221;partner-logo&#8221; _builder_version=&#8221;4.27.6&#8243; _module_preset=&#8221;default&#8221; global_colors_info=&#8221;{}&#8221;][\/et_pb_image][\/et_pb_column][et_pb_column type=&#8221;3_4&#8243; _builder_version=&#8221;4.27.6&#8243; _module_preset=&#8221;default&#8221; global_colors_info=&#8221;{}&#8221;][et_pb_text _builder_version=&#8221;4.27.6&#8243; _module_preset=&#8221;default&#8221; header_4_line_height=&#8221;1.5em&#8221; hover_enabled=&#8221;0&#8243; global_colors_info=&#8221;{}&#8221; sticky_enabled=&#8221;0&#8243;]<\/p>\n<div class=\"partner-content\">\n<div class=\"partner-role\">P6<\/div>\n<h4>FERMA CU OMENIE S.R.L.<\/h4>\n<p>\u00a0<span>\ud83d\udccd Str. Traian, Nr. 173A Unirea, Alba 517785 Rom\u00e2nia<\/span><br \/><span>\ud83c\udf10 <a href=\"https:\/\/https:\/\/fermacuomenie.ro\/\" target=\"_blank\" rel=\"noopener\">www.fermacuomenie.ro<\/a><\/span><br \/><span>\u2709\ufe0f shop@delaferma.ro<\/span><br \/><span>\ud83d\udcde +40 730 644 421<\/span><\/p>\n<\/div>\n<p>[\/et_pb_text][\/et_pb_column][\/et_pb_row][et_pb_row column_structure=&#8221;1_4,3_4&#8243; module_class=&#8221;partner-row&#8221; _builder_version=&#8221;4.27.6&#8243; _module_preset=&#8221;default&#8221; global_colors_info=&#8221;{}&#8221;][et_pb_column type=&#8221;1_4&#8243; _builder_version=&#8221;4.27.6&#8243; _module_preset=&#8221;default&#8221; global_colors_info=&#8221;{}&#8221;][et_pb_image src=&#8221;https:\/\/www.itim-cj.ro\/pocidif\/resilfood\/wp-content\/uploads\/2026\/04\/Carna-carpatica-logo.png&#8221; title_text=&#8221;Carna-carpatica-logo&#8221; module_class=&#8221;partner-logo&#8221; _builder_version=&#8221;4.27.6&#8243; _module_preset=&#8221;default&#8221; global_colors_info=&#8221;{}&#8221;][\/et_pb_image][\/et_pb_column][et_pb_column type=&#8221;3_4&#8243; _builder_version=&#8221;4.27.6&#8243; _module_preset=&#8221;default&#8221; global_colors_info=&#8221;{}&#8221;][et_pb_text _builder_version=&#8221;4.27.6&#8243; _module_preset=&#8221;default&#8221; header_4_line_height=&#8221;1.5em&#8221; hover_enabled=&#8221;0&#8243; global_colors_info=&#8221;{}&#8221; sticky_enabled=&#8221;0&#8243;]<\/p>\n<div class=\"partner-content\">\n<div class=\"partner-role\">P7<\/div>\n<h4>CARNA CARPATICA S.R.L.<\/h4>\n<p>\u00a0<span>\ud83d\udccd Sat Podirei, Str. Calea Dejului Nr. 2, Jud. Bistri\u021ba-N\u0103s\u0103ud 420057 Rom\u00e2nia<\/span><br \/><span>\ud83c\udf10 <a href=\"https:\/\/https:\/\/carnacarpatica.ro\/\" target=\"_blank\" rel=\"noopener\">www.carnacarpatica.ro<\/a><\/span><br \/><span>\u2709\ufe0f office@carnacarpatica.ro<\/span><br \/><span>\ud83d\udcde +40 756 108 662<\/span><\/p>\n<\/div>\n<p>[\/et_pb_text][\/et_pb_column][\/et_pb_row][\/et_pb_section][et_pb_section fb_built=&#8221;1&#8243; _builder_version=&#8221;4.27.6&#8243; _module_preset=&#8221;default&#8221; background_color=&#8221;#222222&#8243; custom_padding=&#8221;13px||0px|||&#8221; global_colors_info=&#8221;{}&#8221;][et_pb_row _builder_version=&#8221;4.27.6&#8243; _module_preset=&#8221;default&#8221; custom_padding=&#8221;||2px|||&#8221; global_colors_info=&#8221;{}&#8221;][et_pb_column type=&#8221;4_4&#8243; _builder_version=&#8221;4.27.6&#8243; _module_preset=&#8221;default&#8221; global_colors_info=&#8221;{}&#8221;][et_pb_text _builder_version=&#8221;4.27.6&#8243; _module_preset=&#8221;default&#8221; text_line_height=&#8221;1.6em&#8221; custom_margin=&#8221;-23px|||||&#8221; custom_css_main_element=&#8221;.eu-disclaimer {||    max-width: 900px;||    margin: 0 auto;||    text-align: center;||    color: #ccc;||    font-size: 14px;||    line-height: 1.4;||}||||\/* kisebb t\u00e9rk\u00f6z *\/||.eu-disclaimer p {||    margin: 0;||}&#8221; global_colors_info=&#8221;{}&#8221;]<\/p>\n<div class=\"eu-disclaimer\">\n<p>Con\u021binutul acestui material nu reprezint\u0103 \u00een mod obligatoriu pozi\u021bia oficial\u0103 a Uniunii Europene sau a Guvernului Rom\u00e2niei.<\/p>\n<p>Pentru informa\u021bii detaliate despre celelalte programe cofinan\u021bate de Uniunea European\u0103, v\u0103 invit\u0103m s\u0103 vizita\u021bi<br \/><a href=\"https:\/\/www.fonduri-ue.ro\" target=\"_blank\" rel=\"noopener\">www.fonduri-ue.ro<\/a><\/p>\n<\/div>\n<p>[\/et_pb_text][\/et_pb_column][\/et_pb_row][\/et_pb_section]<\/p>\n","protected":false},"excerpt":{"rendered":"<p>Parteneri P1 &#8211; Coordonator Institutul Na\u021bional de Cercetare-Dezvoltare pentru Tehnologii Izotopice \u0219i Moleculare &#8211; INCDTIM Cluj-Napoca \u00a0\ud83d\udccd Str. Donat nr. 67-103, Cluj-Napoca 400293 Rom\u00e2nia\ud83c\udf10 www.itim-cj.ro\u2709\ufe0f itim@itim-cj.ro\ud83d\udcde +40 264 58 40 37 P2 ASOCIA\u021aIA CLUSTERUL AGRO \u2013 FOOD \u2013 IND NAPOCA \u00a0\ud83d\udccd Sat Dezmir, Comuna Apahida\ud83c\udf10 www.agrocluster.ro\u2709\ufe0f office@agrocluster.ro P3 PRODFER CONSTRUCT S.R.L. \u00a0\ud83d\udccd Tiberiu Popoviciu 6, [&hellip;]<\/p>\n","protected":false},"author":1,"featured_media":0,"parent":0,"menu_order":0,"comment_status":"closed","ping_status":"closed","template":"","meta":{"_et_pb_use_builder":"on","_et_pb_old_content":"","_et_gb_content_width":"","footnotes":""},"class_list":["post-29","page","type-page","status-publish","hentry"],"_links":{"self":[{"href":"https:\/\/www.itim-cj.ro\/pocidif\/resilfood\/wp-json\/wp\/v2\/pages\/29","targetHints":{"allow":["GET"]}}],"collection":[{"href":"https:\/\/www.itim-cj.ro\/pocidif\/resilfood\/wp-json\/wp\/v2\/pages"}],"about":[{"href":"https:\/\/www.itim-cj.ro\/pocidif\/resilfood\/wp-json\/wp\/v2\/types\/page"}],"author":[{"embeddable":true,"href":"https:\/\/www.itim-cj.ro\/pocidif\/resilfood\/wp-json\/wp\/v2\/users\/1"}],"replies":[{"embeddable":true,"href":"https:\/\/www.itim-cj.ro\/pocidif\/resilfood\/wp-json\/wp\/v2\/comments?post=29"}],"version-history":[{"count":16,"href":"https:\/\/www.itim-cj.ro\/pocidif\/resilfood\/wp-json\/wp\/v2\/pages\/29\/revisions"}],"predecessor-version":[{"id":588,"href":"https:\/\/www.itim-cj.ro\/pocidif\/resilfood\/wp-json\/wp\/v2\/pages\/29\/revisions\/588"}],"wp:attachment":[{"href":"https:\/\/www.itim-cj.ro\/pocidif\/resilfood\/wp-json\/wp\/v2\/media?parent=29"}],"curies":[{"name":"wp","href":"https:\/\/api.w.org\/{rel}","templated":true}]}}